{"id":7112,"date":"2021-03-24T11:13:14","date_gmt":"2021-03-24T10:13:14","guid":{"rendered":"https:\/\/goethe-gymnasium.berlin\/?page_id=7112"},"modified":"2024-05-20T19:18:13","modified_gmt":"2024-05-20T17:18:13","slug":"politische-bildung","status":"publish","type":"page","link":"https:\/\/goethe-gymnasium.berlin\/index.php\/gesellschaftsfaecher\/politische-bildung\/","title":{"rendered":"Politische Bildung"},"content":{"rendered":"\n<p>Doppeljahrgangsstufen 7\/8 und 9\/10<\/p>\n\n\n\n<p><strong>Ziel der Politischen Bildung:<\/strong><\/p>\n\n\n\n<p>Die Sch\u00fclerinnen und Sch\u00fcler in der Entwicklung ihrer politischen M\u00fcndigkeit zu unterst\u00fctzen, ist Aufgabe des Faches Politische Bildung.<\/p>\n\n\n\n<p><strong>Fachlicher und p\u00e4dagogischer Schwerpunkt:<\/strong><\/p>\n\n\n\n<p>soziale und \u00f6kologische Gerechtigkeit und Nachhaltigkeit<\/p>\n\n\n\n<p>z.B. das <a href=\"https:\/\/goethe-gymnasium.berlin\/wp-content\/uploads\/2021\/03\/Projekt-in-Kopenhagen.pdf\">Projekt zu \u00f6kologisch nachhaltiger Entwicklung in Kopenhagen<\/a><\/p>\n\n\n\n<p><strong>Fachprofil<\/strong><\/p>\n\n\n\n<p>Im Fach Politische Bildung lernen die Sch\u00fclerinnen und Sch\u00fcler, warum und wie m\u00fcndige B\u00fcrgerinnen und B\u00fcrger aktiv, konstruktiv, verantwortungsvoll und nachhaltig an der Gestaltung von Gesellschaft und Umwelt mitwirken. Sie lernen zudem, die m\u00f6glichen sozialen, \u00f6kologischen, wirtschaftlichen und globalen Folgen ihrer Entscheidungen f\u00fcr sich und andere abzusch\u00e4tzen, insbesondere unter Ber\u00fccksichtigung verschiedener Lebensformen, Orientierungen, Weltanschauungen, Meinungen und Interessen. Dazu geh\u00f6ren auch kulturelle, ethnische und religi\u00f6se Unterschiede. Die Fachkompetenzen der Politischen Bildung (Analysieren, Urteilen und Methoden anwenden) bilden die Grundlage f\u00fcr die politische Handlungskompetenz. Die F\u00e4higkeiten Analysieren, Urteilen sowie Handeln erfolgen dann kompetent, wenn sie auf Fachwissen basieren und notwendige Methoden, z. B. zur Problemerschlie\u00dfung, ber\u00fccksichtigen.<\/p>\n\n\n\n<p>Hier finden Sie die aktuellen <a href=\"https:\/\/goethe-gymnasium.berlin\/wp-content\/uploads\/2021\/03\/SchiC-Politische-Bildung-7-10.pdf\">schulinternen Curricula Politische Bildung<\/a> f\u00fcr die Klassenstufen 7-10 (Stand 2021).<\/p>\n\n\n\n<p><strong>Aktivit\u00e4ten<\/strong>: <a href=\"https:\/\/goethe-gymnasium.berlin\/index.php\/gesellschaftsfaecher\/projekte-gesellschaftswissenschaften\/\" target=\"_blank\" rel=\"noreferrer noopener\">interdisziplin\u00e4re Austauschprogramme \/ Projekte \/ Workshops<\/a><\/p>\n\n\n\n<figure class=\"wp-block-gallery aligncenter has-nested-images columns-default is-cropped wp-block-gallery-2 is-layout-flex wp-block-gallery-is-layout-flex\">\n<figure class=\"wp-block-image size-large\"><a href=\"https:\/\/goethe-gymnasium.berlin\/wp-content\/uploads\/2021\/03\/europa-flagge.png\"><img loading=\"lazy\" decoding=\"async\" width=\"1280\" height=\"853\" data-id=\"7110\" src=\"https:\/\/goethe-gymnasium.berlin\/wp-content\/uploads\/2021\/03\/europa-flagge.png\" alt=\"\" class=\"wp-image-7110\" srcset=\"https:\/\/goethe-gymnasium.berlin\/wp-content\/uploads\/2021\/03\/europa-flagge.png 1280w, https:\/\/goethe-gymnasium.berlin\/wp-content\/uploads\/2021\/03\/europa-flagge-300x200.png 300w, https:\/\/goethe-gymnasium.berlin\/wp-content\/uploads\/2021\/03\/europa-flagge-768x512.png 768w, https:\/\/goethe-gymnasium.berlin\/wp-content\/uploads\/2021\/03\/europa-flagge-125x83.png 125w, https:\/\/goethe-gymnasium.berlin\/wp-content\/uploads\/2021\/03\/europa-flagge-200x133.png 200w, https:\/\/goethe-gymnasium.berlin\/wp-content\/uploads\/2021\/03\/europa-flagge-80x53.png 80w, https:\/\/goethe-gymnasium.berlin\/wp-content\/uploads\/2021\/03\/europa-flagge-1024x682.png 1024w\" sizes=\"auto, (max-width: 1280px) 100vw, 1280px\" \/><\/a><\/figure>\n\n\n\n<figure class=\"wp-block-image size-large\"><a href=\"https:\/\/goethe-gymnasium.berlin\/wp-content\/uploads\/2021\/03\/wappen_politikwissenschaften.png\"><img loading=\"lazy\" decoding=\"async\" width=\"1024\" height=\"891\" data-id=\"7108\" src=\"https:\/\/goethe-gymnasium.berlin\/wp-content\/uploads\/2021\/03\/wappen_politikwissenschaften.png\" alt=\"\" class=\"wp-image-7108\" srcset=\"https:\/\/goethe-gymnasium.berlin\/wp-content\/uploads\/2021\/03\/wappen_politikwissenschaften.png 1024w, https:\/\/goethe-gymnasium.berlin\/wp-content\/uploads\/2021\/03\/wappen_politikwissenschaften-300x261.png 300w, https:\/\/goethe-gymnasium.berlin\/wp-content\/uploads\/2021\/03\/wappen_politikwissenschaften-768x668.png 768w, https:\/\/goethe-gymnasium.berlin\/wp-content\/uploads\/2021\/03\/wappen_politikwissenschaften-125x109.png 125w, https:\/\/goethe-gymnasium.berlin\/wp-content\/uploads\/2021\/03\/wappen_politikwissenschaften-200x174.png 200w, https:\/\/goethe-gymnasium.berlin\/wp-content\/uploads\/2021\/03\/wappen_politikwissenschaften-80x70.png 80w, https:\/\/goethe-gymnasium.berlin\/wp-content\/uploads\/2021\/03\/wappen_politikwissenschaften-883x768.png 883w\" sizes=\"auto, (max-width: 1024px) 100vw, 1024px\" \/><\/a><\/figure>\n\n\n\n<figure class=\"wp-block-image size-large\"><a href=\"https:\/\/goethe-gymnasium.berlin\/wp-content\/uploads\/2021\/03\/vereinte-nationen-wappen.png\"><img loading=\"lazy\" decoding=\"async\" width=\"300\" height=\"200\" data-id=\"7109\" src=\"https:\/\/goethe-gymnasium.berlin\/wp-content\/uploads\/2021\/03\/vereinte-nationen-wappen.png\" alt=\"\" class=\"wp-image-7109\" srcset=\"https:\/\/goethe-gymnasium.berlin\/wp-content\/uploads\/2021\/03\/vereinte-nationen-wappen.png 300w, https:\/\/goethe-gymnasium.berlin\/wp-content\/uploads\/2021\/03\/vereinte-nationen-wappen-125x83.png 125w, https:\/\/goethe-gymnasium.berlin\/wp-content\/uploads\/2021\/03\/vereinte-nationen-wappen-200x133.png 200w, https:\/\/goethe-gymnasium.berlin\/wp-content\/uploads\/2021\/03\/vereinte-nationen-wappen-80x53.png 80w\" sizes=\"auto, (max-width: 300px) 100vw, 300px\" \/><\/a><\/figure>\n<\/figure>\n\n\n\n<p class=\"has-text-align-right\"><em>Text: FB Gesellschaftswissenschaften (Schuljahr 2020\/21)<\/em><\/p>\n","protected":false},"excerpt":{"rendered":"<p>Doppeljahrgangsstufen 7\/8 und 9\/10 Ziel der Politischen Bildung: Die Sch\u00fclerinnen und Sch\u00fcler in der Entwicklung ihrer politischen M\u00fcndigkeit zu unterst\u00fctzen, <a class=\"more-link\" href=\"https:\/\/goethe-gymnasium.berlin\/index.php\/gesellschaftsfaecher\/politische-bildung\/\">Weiterlesen &#8230;<\/a><\/p>\n","protected":false},"author":5,"featured_media":0,"parent":101,"menu_order":4,"comment_status":"closed","ping_status":"closed","template":"","meta":{"footnotes":""},"categories":[409],"tags":[],"class_list":["post-7112","page","type-page","status-publish","hentry","category-politische-bildung"],"yoast_head":"<!-- This site is optimized with the Yoast SEO plugin v27.4 - https:\/\/yoast.com\/product\/yoast-seo-wordpress\/ -->\n<title>Politische Bildung - Goethe-Gymnasium Berlin-Wilmersdorf<\/title>\n<meta name=\"robots\" content=\"index, follow, max-snippet:-1, max-image-preview:large, max-video-preview:-1\" \/>\n<link rel=\"canonical\" href=\"https:\/\/goethe-gymnasium.berlin\/index.php\/gesellschaftsfaecher\/politische-bildung\/\" \/>\n<meta property=\"og:locale\" content=\"de_DE\" \/>\n<meta property=\"og:type\" content=\"article\" \/>\n<meta property=\"og:title\" content=\"Politische Bildung - Goethe-Gymnasium Berlin-Wilmersdorf\" \/>\n<meta property=\"og:description\" content=\"Doppeljahrgangsstufen 7\/8 und 9\/10 Ziel der Politischen Bildung: Die Sch\u00fclerinnen und Sch\u00fcler in der Entwicklung ihrer politischen M\u00fcndigkeit zu unterst\u00fctzen, Weiterlesen ...\" \/>\n<meta property=\"og:url\" content=\"https:\/\/goethe-gymnasium.berlin\/index.php\/gesellschaftsfaecher\/politische-bildung\/\" \/>\n<meta property=\"og:site_name\" content=\"Goethe-Gymnasium Berlin-Wilmersdorf\" \/>\n<meta property=\"article:publisher\" content=\"https:\/\/www.facebook.com\/pages\/Goethe-Gymnasium\/109376575754402\" \/>\n<meta property=\"article:modified_time\" content=\"2024-05-20T17:18:13+00:00\" \/>\n<meta property=\"og:image\" content=\"https:\/\/goethe-gymnasium.berlin\/wp-content\/uploads\/2021\/03\/europa-flagge.png\" \/>\n<meta name=\"twitter:card\" content=\"summary_large_image\" \/>\n<meta name=\"twitter:label1\" content=\"Gesch\u00e4tzte Lesezeit\" \/>\n\t<meta name=\"twitter:data1\" content=\"2\u00a0Minuten\" \/>\n<script type=\"application\/ld+json\" class=\"yoast-schema-graph\">{\"@context\":\"https:\\\/\\\/schema.org\",\"@graph\":[{\"@type\":\"WebPage\",\"@id\":\"https:\\\/\\\/goethe-gymnasium.berlin\\\/index.php\\\/gesellschaftsfaecher\\\/politische-bildung\\\/\",\"url\":\"https:\\\/\\\/goethe-gymnasium.berlin\\\/index.php\\\/gesellschaftsfaecher\\\/politische-bildung\\\/\",\"name\":\"Politische Bildung - Goethe-Gymnasium Berlin-Wilmersdorf\",\"isPartOf\":{\"@id\":\"https:\\\/\\\/goethe-gymnasium.berlin\\\/#website\"},\"primaryImageOfPage\":{\"@id\":\"https:\\\/\\\/goethe-gymnasium.berlin\\\/index.php\\\/gesellschaftsfaecher\\\/politische-bildung\\\/#primaryimage\"},\"image\":{\"@id\":\"https:\\\/\\\/goethe-gymnasium.berlin\\\/index.php\\\/gesellschaftsfaecher\\\/politische-bildung\\\/#primaryimage\"},\"thumbnailUrl\":\"https:\\\/\\\/goethe-gymnasium.berlin\\\/wp-content\\\/uploads\\\/2021\\\/03\\\/europa-flagge.png\",\"datePublished\":\"2021-03-24T10:13:14+00:00\",\"dateModified\":\"2024-05-20T17:18:13+00:00\",\"breadcrumb\":{\"@id\":\"https:\\\/\\\/goethe-gymnasium.berlin\\\/index.php\\\/gesellschaftsfaecher\\\/politische-bildung\\\/#breadcrumb\"},\"inLanguage\":\"de\",\"potentialAction\":[{\"@type\":\"ReadAction\",\"target\":[\"https:\\\/\\\/goethe-gymnasium.berlin\\\/index.php\\\/gesellschaftsfaecher\\\/politische-bildung\\\/\"]}]},{\"@type\":\"ImageObject\",\"inLanguage\":\"de\",\"@id\":\"https:\\\/\\\/goethe-gymnasium.berlin\\\/index.php\\\/gesellschaftsfaecher\\\/politische-bildung\\\/#primaryimage\",\"url\":\"https:\\\/\\\/goethe-gymnasium.berlin\\\/wp-content\\\/uploads\\\/2021\\\/03\\\/europa-flagge.png\",\"contentUrl\":\"https:\\\/\\\/goethe-gymnasium.berlin\\\/wp-content\\\/uploads\\\/2021\\\/03\\\/europa-flagge.png\",\"width\":1280,\"height\":853},{\"@type\":\"BreadcrumbList\",\"@id\":\"https:\\\/\\\/goethe-gymnasium.berlin\\\/index.php\\\/gesellschaftsfaecher\\\/politische-bildung\\\/#breadcrumb\",\"itemListElement\":[{\"@type\":\"ListItem\",\"position\":1,\"name\":\"Startseite\",\"item\":\"https:\\\/\\\/goethe-gymnasium.berlin\\\/\"},{\"@type\":\"ListItem\",\"position\":2,\"name\":\"Gesellschaftswissenschaften\",\"item\":\"https:\\\/\\\/goethe-gymnasium.berlin\\\/index.php\\\/gesellschaftsfaecher\\\/\"},{\"@type\":\"ListItem\",\"position\":3,\"name\":\"Politische Bildung\"}]},{\"@type\":\"WebSite\",\"@id\":\"https:\\\/\\\/goethe-gymnasium.berlin\\\/#website\",\"url\":\"https:\\\/\\\/goethe-gymnasium.berlin\\\/\",\"name\":\"Goethe-Gymnasium Berlin-Wilmersdorf\",\"description\":\"\",\"publisher\":{\"@id\":\"https:\\\/\\\/goethe-gymnasium.berlin\\\/#organization\"},\"potentialAction\":[{\"@type\":\"SearchAction\",\"target\":{\"@type\":\"EntryPoint\",\"urlTemplate\":\"https:\\\/\\\/goethe-gymnasium.berlin\\\/?s={search_term_string}\"},\"query-input\":{\"@type\":\"PropertyValueSpecification\",\"valueRequired\":true,\"valueName\":\"search_term_string\"}}],\"inLanguage\":\"de\"},{\"@type\":\"Organization\",\"@id\":\"https:\\\/\\\/goethe-gymnasium.berlin\\\/#organization\",\"name\":\"Goethe-Gymnasium Berlin-Wilmersdorf\",\"url\":\"https:\\\/\\\/goethe-gymnasium.berlin\\\/\",\"logo\":{\"@type\":\"ImageObject\",\"inLanguage\":\"de\",\"@id\":\"https:\\\/\\\/goethe-gymnasium.berlin\\\/#\\\/schema\\\/logo\\\/image\\\/\",\"url\":\"https:\\\/\\\/goethe-gymnasium.berlin\\\/wp-content\\\/uploads\\\/2018\\\/04\\\/goethe-logo_hoch.png\",\"contentUrl\":\"https:\\\/\\\/goethe-gymnasium.berlin\\\/wp-content\\\/uploads\\\/2018\\\/04\\\/goethe-logo_hoch.png\",\"width\":755,\"height\":514,\"caption\":\"Goethe-Gymnasium Berlin-Wilmersdorf\"},\"image\":{\"@id\":\"https:\\\/\\\/goethe-gymnasium.berlin\\\/#\\\/schema\\\/logo\\\/image\\\/\"},\"sameAs\":[\"https:\\\/\\\/www.facebook.com\\\/pages\\\/Goethe-Gymnasium\\\/109376575754402\",\"https:\\\/\\\/www.youtube.com\\\/channel\\\/UCMKuMVF9h_YkS3zmEp7SnzQ\"]}]}<\/script>\n<!-- \/ Yoast SEO plugin. -->","yoast_head_json":{"title":"Politische Bildung - Goethe-Gymnasium Berlin-Wilmersdorf","robots":{"index":"index","follow":"follow","max-snippet":"max-snippet:-1","max-image-preview":"max-image-preview:large","max-video-preview":"max-video-preview:-1"},"canonical":"https:\/\/goethe-gymnasium.berlin\/index.php\/gesellschaftsfaecher\/politische-bildung\/","og_locale":"de_DE","og_type":"article","og_title":"Politische Bildung - Goethe-Gymnasium Berlin-Wilmersdorf","og_description":"Doppeljahrgangsstufen 7\/8 und 9\/10 Ziel der Politischen Bildung: Die Sch\u00fclerinnen und Sch\u00fcler in der Entwicklung ihrer politischen M\u00fcndigkeit zu unterst\u00fctzen, Weiterlesen ...","og_url":"https:\/\/goethe-gymnasium.berlin\/index.php\/gesellschaftsfaecher\/politische-bildung\/","og_site_name":"Goethe-Gymnasium Berlin-Wilmersdorf","article_publisher":"https:\/\/www.facebook.com\/pages\/Goethe-Gymnasium\/109376575754402","article_modified_time":"2024-05-20T17:18:13+00:00","og_image":[{"url":"https:\/\/goethe-gymnasium.berlin\/wp-content\/uploads\/2021\/03\/europa-flagge.png","type":"","width":"","height":""}],"twitter_card":"summary_large_image","twitter_misc":{"Gesch\u00e4tzte Lesezeit":"2\u00a0Minuten"},"schema":{"@context":"https:\/\/schema.org","@graph":[{"@type":"WebPage","@id":"https:\/\/goethe-gymnasium.berlin\/index.php\/gesellschaftsfaecher\/politische-bildung\/","url":"https:\/\/goethe-gymnasium.berlin\/index.php\/gesellschaftsfaecher\/politische-bildung\/","name":"Politische Bildung - Goethe-Gymnasium Berlin-Wilmersdorf","isPartOf":{"@id":"https:\/\/goethe-gymnasium.berlin\/#website"},"primaryImageOfPage":{"@id":"https:\/\/goethe-gymnasium.berlin\/index.php\/gesellschaftsfaecher\/politische-bildung\/#primaryimage"},"image":{"@id":"https:\/\/goethe-gymnasium.berlin\/index.php\/gesellschaftsfaecher\/politische-bildung\/#primaryimage"},"thumbnailUrl":"https:\/\/goethe-gymnasium.berlin\/wp-content\/uploads\/2021\/03\/europa-flagge.png","datePublished":"2021-03-24T10:13:14+00:00","dateModified":"2024-05-20T17:18:13+00:00","breadcrumb":{"@id":"https:\/\/goethe-gymnasium.berlin\/index.php\/gesellschaftsfaecher\/politische-bildung\/#breadcrumb"},"inLanguage":"de","potentialAction":[{"@type":"ReadAction","target":["https:\/\/goethe-gymnasium.berlin\/index.php\/gesellschaftsfaecher\/politische-bildung\/"]}]},{"@type":"ImageObject","inLanguage":"de","@id":"https:\/\/goethe-gymnasium.berlin\/index.php\/gesellschaftsfaecher\/politische-bildung\/#primaryimage","url":"https:\/\/goethe-gymnasium.berlin\/wp-content\/uploads\/2021\/03\/europa-flagge.png","contentUrl":"https:\/\/goethe-gymnasium.berlin\/wp-content\/uploads\/2021\/03\/europa-flagge.png","width":1280,"height":853},{"@type":"BreadcrumbList","@id":"https:\/\/goethe-gymnasium.berlin\/index.php\/gesellschaftsfaecher\/politische-bildung\/#breadcrumb","itemListElement":[{"@type":"ListItem","position":1,"name":"Startseite","item":"https:\/\/goethe-gymnasium.berlin\/"},{"@type":"ListItem","position":2,"name":"Gesellschaftswissenschaften","item":"https:\/\/goethe-gymnasium.berlin\/index.php\/gesellschaftsfaecher\/"},{"@type":"ListItem","position":3,"name":"Politische Bildung"}]},{"@type":"WebSite","@id":"https:\/\/goethe-gymnasium.berlin\/#website","url":"https:\/\/goethe-gymnasium.berlin\/","name":"Goethe-Gymnasium Berlin-Wilmersdorf","description":"","publisher":{"@id":"https:\/\/goethe-gymnasium.berlin\/#organization"},"potentialAction":[{"@type":"SearchAction","target":{"@type":"EntryPoint","urlTemplate":"https:\/\/goethe-gymnasium.berlin\/?s={search_term_string}"},"query-input":{"@type":"PropertyValueSpecification","valueRequired":true,"valueName":"search_term_string"}}],"inLanguage":"de"},{"@type":"Organization","@id":"https:\/\/goethe-gymnasium.berlin\/#organization","name":"Goethe-Gymnasium Berlin-Wilmersdorf","url":"https:\/\/goethe-gymnasium.berlin\/","logo":{"@type":"ImageObject","inLanguage":"de","@id":"https:\/\/goethe-gymnasium.berlin\/#\/schema\/logo\/image\/","url":"https:\/\/goethe-gymnasium.berlin\/wp-content\/uploads\/2018\/04\/goethe-logo_hoch.png","contentUrl":"https:\/\/goethe-gymnasium.berlin\/wp-content\/uploads\/2018\/04\/goethe-logo_hoch.png","width":755,"height":514,"caption":"Goethe-Gymnasium Berlin-Wilmersdorf"},"image":{"@id":"https:\/\/goethe-gymnasium.berlin\/#\/schema\/logo\/image\/"},"sameAs":["https:\/\/www.facebook.com\/pages\/Goethe-Gymnasium\/109376575754402","https:\/\/www.youtube.com\/channel\/UCMKuMVF9h_YkS3zmEp7SnzQ"]}]}},"_links":{"self":[{"href":"https:\/\/goethe-gymnasium.berlin\/index.php\/wp-json\/wp\/v2\/pages\/7112","targetHints":{"allow":["GET"]}}],"collection":[{"href":"https:\/\/goethe-gymnasium.berlin\/index.php\/wp-json\/wp\/v2\/pages"}],"about":[{"href":"https:\/\/goethe-gymnasium.berlin\/index.php\/wp-json\/wp\/v2\/types\/page"}],"author":[{"embeddable":true,"href":"https:\/\/goethe-gymnasium.berlin\/index.php\/wp-json\/wp\/v2\/users\/5"}],"replies":[{"embeddable":true,"href":"https:\/\/goethe-gymnasium.berlin\/index.php\/wp-json\/wp\/v2\/comments?post=7112"}],"version-history":[{"count":26,"href":"https:\/\/goethe-gymnasium.berlin\/index.php\/wp-json\/wp\/v2\/pages\/7112\/revisions"}],"predecessor-version":[{"id":11974,"href":"https:\/\/goethe-gymnasium.berlin\/index.php\/wp-json\/wp\/v2\/pages\/7112\/revisions\/11974"}],"up":[{"embeddable":true,"href":"https:\/\/goethe-gymnasium.berlin\/index.php\/wp-json\/wp\/v2\/pages\/101"}],"wp:attachment":[{"href":"https:\/\/goethe-gymnasium.berlin\/index.php\/wp-json\/wp\/v2\/media?parent=7112"}],"wp:term":[{"taxonomy":"category","embeddable":true,"href":"https:\/\/goethe-gymnasium.berlin\/index.php\/wp-json\/wp\/v2\/categories?post=7112"},{"taxonomy":"post_tag","embeddable":true,"href":"https:\/\/goethe-gymnasium.berlin\/index.php\/wp-json\/wp\/v2\/tags?post=7112"}],"curies":[{"name":"wp","href":"https:\/\/api.w.org\/{rel}","templated":true}]}}