{"id":539,"date":"2018-04-29T07:53:10","date_gmt":"2018-04-29T07:53:10","guid":{"rendered":"http:\/\/goethe-gymnasium.berlin\/?page_id=539"},"modified":"2026-02-12T23:26:46","modified_gmt":"2026-02-12T22:26:46","slug":"pruefungen-abitur","status":"publish","type":"page","link":"https:\/\/goethe-gymnasium.berlin\/index.php\/terminuebersichten\/pruefungen-abitur\/","title":{"rendered":"Pr\u00fcfungen des 4. Semesters (Abitur)"},"content":{"rendered":"\n<h3 class=\"wp-block-heading\">Pr\u00fcfungstermine des 4. Semesters f\u00fcr das Schuljahr 2025\/26<\/h3>\n\n\n\n<p class=\"has-text-align-left\">\n<table id=\"tablepress-8\" class=\"tablepress tablepress-id-8\">\n<thead>\n<tr class=\"row-1\">\n\t<th class=\"column-1\">Datum<\/th><th class=\"column-2\">Pr\u00fcfung<\/th>\n<\/tr>\n<\/thead>\n<tbody class=\"row-striping row-hover\">\n<tr class=\"row-2\">\n\t<td class=\"column-1\">Montag, 01.12.2025<\/td><td class=\"column-2\">12.00 Uhr: Abgabe der BLL (5. PK)<\/td>\n<\/tr>\n<tr class=\"row-3\">\n\t<td class=\"column-1\">Dienstag, 24.03.2026<\/td><td class=\"column-2\">letzter Unterrichtstag f\u00fcr Q 4, Notenmitteilung, Abitureinweisung<br \/>\n<\/td>\n<\/tr>\n<tr class=\"row-4\">\n\t<td class=\"column-1\">Mittwoch, 15.04.2026<\/td><td class=\"column-2\">9.00 Uhr: schriftliches Abitur - LF Geschichte, LF Kunst, LF Musik<\/td>\n<\/tr>\n<tr class=\"row-5\">\n\t<td class=\"column-1\">Freitag, 17.04.2026<\/td><td class=\"column-2\">9.00 Uhr: schriftliches Abitur - 3. PF (au\u00dfer D, E, F, Ma, Bi, Ch, Ph) <\/td>\n<\/tr>\n<tr class=\"row-6\">\n\t<td class=\"column-1\">Mittwoch, 22.04.2026<\/td><td class=\"column-2\">9.00 Uhr: schriftliches Abitur - LF \/ 3. PF Biologie<\/td>\n<\/tr>\n<tr class=\"row-7\">\n\t<td class=\"column-1\">Freitag, 24.04.2026<\/td><td class=\"column-2\">9.00 Uhr: schriftliches Abitur - LF \/ 3. PF Chemie<\/td>\n<\/tr>\n<tr class=\"row-8\">\n\t<td class=\"column-1\">Dienstag, 28.04.2026<\/td><td class=\"column-2\">9.00 Uhr: schriftliches Abitur - LF \/ 3. PF Deutsch<\/td>\n<\/tr>\n<tr class=\"row-9\">\n\t<td class=\"column-1\">Donnerstag, 30.04.2026<\/td><td class=\"column-2\">9.00 Uhr: schriftliches Abitur - LF \/ 3. PF Englisch<\/td>\n<\/tr>\n<tr class=\"row-10\">\n\t<td class=\"column-1\">Montag, 04.05.2026<\/td><td class=\"column-2\">9.00 Uhr: schriftliches Abitur - LF Altgriechisch<\/td>\n<\/tr>\n<tr class=\"row-11\">\n\t<td class=\"column-1\">Mittwoch, 06.05.2026<\/td><td class=\"column-2\">9.00 Uhr: schriftliches Abitur - LF \/ 3. PF Mathematik<\/td>\n<\/tr>\n<tr class=\"row-12\">\n\t<td class=\"column-1\">Freitag, 08.05.2026<\/td><td class=\"column-2\">9.00 Uhr: schriftliches Abitur - LF \/ 3. PF Franz\u00f6sisch<\/td>\n<\/tr>\n<tr class=\"row-13\">\n\t<td class=\"column-1\">Montag, 11.05.2026<\/td><td class=\"column-2\">9.00 Uhr: schriftliches Abitur - LF Latein<\/td>\n<\/tr>\n<tr class=\"row-14\">\n\t<td class=\"column-1\">Mittwoch, 13.05.2026<\/td><td class=\"column-2\">9.00 Uhr: schriftliches Abitur - LF \/ 3. PF Physik<\/td>\n<\/tr>\n<tr class=\"row-15\">\n\t<td class=\"column-1\">Montag, 18.05.2026<\/td><td class=\"column-2\">10.00 Uhr: Abgabe der schrifltichen Ausarbeitung zur 5. PK <\/td>\n<\/tr>\n<tr class=\"row-16\">\n\t<td class=\"column-1\">Dienstag \/ Mittwoch 02.\/03.06.2026<\/td><td class=\"column-2\">8.00 Uhr: m\u00fcndliche Abiturpr\u00fcfungen (4. PF)<\/td>\n<\/tr>\n<tr class=\"row-17\">\n\t<td class=\"column-1\">Donnerstag \/ Freitag 11.\/12.06.2026<\/td><td class=\"column-2\">8.00 Uhr: Pr\u00e4sentationspr\u00fcfungen und Colloquien der 5. PK<\/td>\n<\/tr>\n<tr class=\"row-18\">\n\t<td class=\"column-1\">???.2026<\/td><td class=\"column-2\">Bekanntgabe der Abiturergebnisse<\/td>\n<\/tr>\n<tr class=\"row-19\">\n\t<td class=\"column-1\">???.2026<\/td><td class=\"column-2\">ggf. Anmeldung zu zus\u00e4tzlichen m\u00fcndlichen Pr\u00fcfungen (1.-3. PF)<\/td>\n<\/tr>\n<tr class=\"row-20\">\n\t<td class=\"column-1\">???.2026<\/td><td class=\"column-2\">ggf. zus\u00e4tzliche m\u00fcndliche Pr\u00fcfungen (1.-3. PF)<\/td>\n<\/tr>\n<tr class=\"row-21\">\n\t<td class=\"column-1\">voraussichtlich Donnerstag, 02.07.2026<\/td><td class=\"column-2\">Verabschiedung der Abiturienten<\/td>\n<\/tr>\n<\/tbody>\n<\/table>\n<!-- #tablepress-8 from cache --><\/p>\n\n\n\n<p class=\"has-text-align-right\"><em>Stand: 12.02.2025, \u00c4nderungen vorbehalten.<\/em><\/p>\n\n\n\n<p><\/p>\n","protected":false},"excerpt":{"rendered":"<p>Pr\u00fcfungstermine des 4. Semesters f\u00fcr das Schuljahr 2025\/26 Stand: 12.02.2025, \u00c4nderungen vorbehalten.<\/p>\n","protected":false},"author":4,"featured_media":0,"parent":269,"menu_order":0,"comment_status":"closed","ping_status":"closed","template":"","meta":{"footnotes":""},"categories":[11],"tags":[155,296,156],"class_list":["post-539","page","type-page","status-publish","hentry","category-termine","tag-abitur","tag-abiturpruefungen","tag-pruefungen"],"yoast_head":"<!-- This site is optimized with the Yoast SEO plugin v27.5 - https:\/\/yoast.com\/product\/yoast-seo-wordpress\/ -->\n<title>Pr\u00fcfungen des 4. Semesters (Abitur) - Goethe-Gymnasium Berlin-Wilmersdorf<\/title>\n<meta name=\"description\" content=\"Pr\u00fcfungen des 4. Semesters\" \/>\n<meta name=\"robots\" content=\"index, follow, max-snippet:-1, max-image-preview:large, max-video-preview:-1\" \/>\n<link rel=\"canonical\" href=\"https:\/\/goethe-gymnasium.berlin\/index.php\/terminuebersichten\/pruefungen-abitur\/\" \/>\n<meta property=\"og:locale\" content=\"de_DE\" \/>\n<meta property=\"og:type\" content=\"article\" \/>\n<meta property=\"og:title\" content=\"Pr\u00fcfungen des 4. Semesters (Abitur) - Goethe-Gymnasium Berlin-Wilmersdorf\" \/>\n<meta property=\"og:description\" content=\"Pr\u00fcfungen des 4. Semesters\" \/>\n<meta property=\"og:url\" content=\"https:\/\/goethe-gymnasium.berlin\/index.php\/terminuebersichten\/pruefungen-abitur\/\" \/>\n<meta property=\"og:site_name\" content=\"Goethe-Gymnasium Berlin-Wilmersdorf\" \/>\n<meta property=\"article:publisher\" content=\"https:\/\/www.facebook.com\/pages\/Goethe-Gymnasium\/109376575754402\" \/>\n<meta property=\"article:modified_time\" content=\"2026-02-12T22:26:46+00:00\" \/>\n<meta property=\"og:image\" content=\"https:\/\/goethe-gymnasium.berlin\/wp-content\/uploads\/2018\/06\/goethe-front-light.jpg\" \/>\n\t<meta property=\"og:image:width\" content=\"1200\" \/>\n\t<meta property=\"og:image:height\" content=\"600\" \/>\n\t<meta property=\"og:image:type\" content=\"image\/jpeg\" \/>\n<meta name=\"twitter:card\" content=\"summary_large_image\" \/>\n<meta name=\"twitter:label1\" content=\"Gesch\u00e4tzte Lesezeit\" \/>\n\t<meta name=\"twitter:data1\" content=\"1\u00a0Minute\" \/>\n<script type=\"application\/ld+json\" class=\"yoast-schema-graph\">{\"@context\":\"https:\\\/\\\/schema.org\",\"@graph\":[{\"@type\":\"WebPage\",\"@id\":\"https:\\\/\\\/goethe-gymnasium.berlin\\\/index.php\\\/terminuebersichten\\\/pruefungen-abitur\\\/\",\"url\":\"https:\\\/\\\/goethe-gymnasium.berlin\\\/index.php\\\/terminuebersichten\\\/pruefungen-abitur\\\/\",\"name\":\"Pr\u00fcfungen des 4. Semesters (Abitur) - Goethe-Gymnasium Berlin-Wilmersdorf\",\"isPartOf\":{\"@id\":\"https:\\\/\\\/goethe-gymnasium.berlin\\\/#website\"},\"datePublished\":\"2018-04-29T07:53:10+00:00\",\"dateModified\":\"2026-02-12T22:26:46+00:00\",\"description\":\"Pr\u00fcfungen des 4. Semesters\",\"breadcrumb\":{\"@id\":\"https:\\\/\\\/goethe-gymnasium.berlin\\\/index.php\\\/terminuebersichten\\\/pruefungen-abitur\\\/#breadcrumb\"},\"inLanguage\":\"de\",\"potentialAction\":[{\"@type\":\"ReadAction\",\"target\":[\"https:\\\/\\\/goethe-gymnasium.berlin\\\/index.php\\\/terminuebersichten\\\/pruefungen-abitur\\\/\"]}]},{\"@type\":\"BreadcrumbList\",\"@id\":\"https:\\\/\\\/goethe-gymnasium.berlin\\\/index.php\\\/terminuebersichten\\\/pruefungen-abitur\\\/#breadcrumb\",\"itemListElement\":[{\"@type\":\"ListItem\",\"position\":1,\"name\":\"Startseite\",\"item\":\"https:\\\/\\\/goethe-gymnasium.berlin\\\/\"},{\"@type\":\"ListItem\",\"position\":2,\"name\":\"Termin\u00fcbersichten\",\"item\":\"https:\\\/\\\/goethe-gymnasium.berlin\\\/index.php\\\/terminuebersichten\\\/\"},{\"@type\":\"ListItem\",\"position\":3,\"name\":\"Pr\u00fcfungen des 4. Semesters (Abitur)\"}]},{\"@type\":\"WebSite\",\"@id\":\"https:\\\/\\\/goethe-gymnasium.berlin\\\/#website\",\"url\":\"https:\\\/\\\/goethe-gymnasium.berlin\\\/\",\"name\":\"Goethe-Gymnasium Berlin-Wilmersdorf\",\"description\":\"\",\"publisher\":{\"@id\":\"https:\\\/\\\/goethe-gymnasium.berlin\\\/#organization\"},\"potentialAction\":[{\"@type\":\"SearchAction\",\"target\":{\"@type\":\"EntryPoint\",\"urlTemplate\":\"https:\\\/\\\/goethe-gymnasium.berlin\\\/?s={search_term_string}\"},\"query-input\":{\"@type\":\"PropertyValueSpecification\",\"valueRequired\":true,\"valueName\":\"search_term_string\"}}],\"inLanguage\":\"de\"},{\"@type\":\"Organization\",\"@id\":\"https:\\\/\\\/goethe-gymnasium.berlin\\\/#organization\",\"name\":\"Goethe-Gymnasium Berlin-Wilmersdorf\",\"url\":\"https:\\\/\\\/goethe-gymnasium.berlin\\\/\",\"logo\":{\"@type\":\"ImageObject\",\"inLanguage\":\"de\",\"@id\":\"https:\\\/\\\/goethe-gymnasium.berlin\\\/#\\\/schema\\\/logo\\\/image\\\/\",\"url\":\"https:\\\/\\\/goethe-gymnasium.berlin\\\/wp-content\\\/uploads\\\/2018\\\/04\\\/goethe-logo_hoch.png\",\"contentUrl\":\"https:\\\/\\\/goethe-gymnasium.berlin\\\/wp-content\\\/uploads\\\/2018\\\/04\\\/goethe-logo_hoch.png\",\"width\":755,\"height\":514,\"caption\":\"Goethe-Gymnasium Berlin-Wilmersdorf\"},\"image\":{\"@id\":\"https:\\\/\\\/goethe-gymnasium.berlin\\\/#\\\/schema\\\/logo\\\/image\\\/\"},\"sameAs\":[\"https:\\\/\\\/www.facebook.com\\\/pages\\\/Goethe-Gymnasium\\\/109376575754402\",\"https:\\\/\\\/www.youtube.com\\\/channel\\\/UCMKuMVF9h_YkS3zmEp7SnzQ\"]}]}<\/script>\n<!-- \/ Yoast SEO plugin. -->","yoast_head_json":{"title":"Pr\u00fcfungen des 4. Semesters (Abitur) - Goethe-Gymnasium Berlin-Wilmersdorf","description":"Pr\u00fcfungen des 4. Semesters","robots":{"index":"index","follow":"follow","max-snippet":"max-snippet:-1","max-image-preview":"max-image-preview:large","max-video-preview":"max-video-preview:-1"},"canonical":"https:\/\/goethe-gymnasium.berlin\/index.php\/terminuebersichten\/pruefungen-abitur\/","og_locale":"de_DE","og_type":"article","og_title":"Pr\u00fcfungen des 4. Semesters (Abitur) - Goethe-Gymnasium Berlin-Wilmersdorf","og_description":"Pr\u00fcfungen des 4. Semesters","og_url":"https:\/\/goethe-gymnasium.berlin\/index.php\/terminuebersichten\/pruefungen-abitur\/","og_site_name":"Goethe-Gymnasium Berlin-Wilmersdorf","article_publisher":"https:\/\/www.facebook.com\/pages\/Goethe-Gymnasium\/109376575754402","article_modified_time":"2026-02-12T22:26:46+00:00","og_image":[{"width":1200,"height":600,"url":"https:\/\/goethe-gymnasium.berlin\/wp-content\/uploads\/2018\/06\/goethe-front-light.jpg","type":"image\/jpeg"}],"twitter_card":"summary_large_image","twitter_misc":{"Gesch\u00e4tzte Lesezeit":"1\u00a0Minute"},"schema":{"@context":"https:\/\/schema.org","@graph":[{"@type":"WebPage","@id":"https:\/\/goethe-gymnasium.berlin\/index.php\/terminuebersichten\/pruefungen-abitur\/","url":"https:\/\/goethe-gymnasium.berlin\/index.php\/terminuebersichten\/pruefungen-abitur\/","name":"Pr\u00fcfungen des 4. Semesters (Abitur) - Goethe-Gymnasium Berlin-Wilmersdorf","isPartOf":{"@id":"https:\/\/goethe-gymnasium.berlin\/#website"},"datePublished":"2018-04-29T07:53:10+00:00","dateModified":"2026-02-12T22:26:46+00:00","description":"Pr\u00fcfungen des 4. Semesters","breadcrumb":{"@id":"https:\/\/goethe-gymnasium.berlin\/index.php\/terminuebersichten\/pruefungen-abitur\/#breadcrumb"},"inLanguage":"de","potentialAction":[{"@type":"ReadAction","target":["https:\/\/goethe-gymnasium.berlin\/index.php\/terminuebersichten\/pruefungen-abitur\/"]}]},{"@type":"BreadcrumbList","@id":"https:\/\/goethe-gymnasium.berlin\/index.php\/terminuebersichten\/pruefungen-abitur\/#breadcrumb","itemListElement":[{"@type":"ListItem","position":1,"name":"Startseite","item":"https:\/\/goethe-gymnasium.berlin\/"},{"@type":"ListItem","position":2,"name":"Termin\u00fcbersichten","item":"https:\/\/goethe-gymnasium.berlin\/index.php\/terminuebersichten\/"},{"@type":"ListItem","position":3,"name":"Pr\u00fcfungen des 4. Semesters (Abitur)"}]},{"@type":"WebSite","@id":"https:\/\/goethe-gymnasium.berlin\/#website","url":"https:\/\/goethe-gymnasium.berlin\/","name":"Goethe-Gymnasium Berlin-Wilmersdorf","description":"","publisher":{"@id":"https:\/\/goethe-gymnasium.berlin\/#organization"},"potentialAction":[{"@type":"SearchAction","target":{"@type":"EntryPoint","urlTemplate":"https:\/\/goethe-gymnasium.berlin\/?s={search_term_string}"},"query-input":{"@type":"PropertyValueSpecification","valueRequired":true,"valueName":"search_term_string"}}],"inLanguage":"de"},{"@type":"Organization","@id":"https:\/\/goethe-gymnasium.berlin\/#organization","name":"Goethe-Gymnasium Berlin-Wilmersdorf","url":"https:\/\/goethe-gymnasium.berlin\/","logo":{"@type":"ImageObject","inLanguage":"de","@id":"https:\/\/goethe-gymnasium.berlin\/#\/schema\/logo\/image\/","url":"https:\/\/goethe-gymnasium.berlin\/wp-content\/uploads\/2018\/04\/goethe-logo_hoch.png","contentUrl":"https:\/\/goethe-gymnasium.berlin\/wp-content\/uploads\/2018\/04\/goethe-logo_hoch.png","width":755,"height":514,"caption":"Goethe-Gymnasium Berlin-Wilmersdorf"},"image":{"@id":"https:\/\/goethe-gymnasium.berlin\/#\/schema\/logo\/image\/"},"sameAs":["https:\/\/www.facebook.com\/pages\/Goethe-Gymnasium\/109376575754402","https:\/\/www.youtube.com\/channel\/UCMKuMVF9h_YkS3zmEp7SnzQ"]}]}},"_links":{"self":[{"href":"https:\/\/goethe-gymnasium.berlin\/index.php\/wp-json\/wp\/v2\/pages\/539","targetHints":{"allow":["GET"]}}],"collection":[{"href":"https:\/\/goethe-gymnasium.berlin\/index.php\/wp-json\/wp\/v2\/pages"}],"about":[{"href":"https:\/\/goethe-gymnasium.berlin\/index.php\/wp-json\/wp\/v2\/types\/page"}],"author":[{"embeddable":true,"href":"https:\/\/goethe-gymnasium.berlin\/index.php\/wp-json\/wp\/v2\/users\/4"}],"replies":[{"embeddable":true,"href":"https:\/\/goethe-gymnasium.berlin\/index.php\/wp-json\/wp\/v2\/comments?post=539"}],"version-history":[{"count":29,"href":"https:\/\/goethe-gymnasium.berlin\/index.php\/wp-json\/wp\/v2\/pages\/539\/revisions"}],"predecessor-version":[{"id":13971,"href":"https:\/\/goethe-gymnasium.berlin\/index.php\/wp-json\/wp\/v2\/pages\/539\/revisions\/13971"}],"up":[{"embeddable":true,"href":"https:\/\/goethe-gymnasium.berlin\/index.php\/wp-json\/wp\/v2\/pages\/269"}],"wp:attachment":[{"href":"https:\/\/goethe-gymnasium.berlin\/index.php\/wp-json\/wp\/v2\/media?parent=539"}],"wp:term":[{"taxonomy":"category","embeddable":true,"href":"https:\/\/goethe-gymnasium.berlin\/index.php\/wp-json\/wp\/v2\/categories?post=539"},{"taxonomy":"post_tag","embeddable":true,"href":"https:\/\/goethe-gymnasium.berlin\/index.php\/wp-json\/wp\/v2\/tags?post=539"}],"curies":[{"name":"wp","href":"https:\/\/api.w.org\/{rel}","templated":true}]}}