{"id":4208,"date":"2019-07-30T00:29:01","date_gmt":"2019-07-29T22:29:01","guid":{"rendered":"http:\/\/goethe-gymnasium.berlin\/?page_id=4208"},"modified":"2025-06-23T22:26:05","modified_gmt":"2025-06-23T20:26:05","slug":"schulinterne-curricula","status":"publish","type":"page","link":"https:\/\/goethe-gymnasium.berlin\/index.php\/wissenswertes\/downloads\/schulinterne-curricula\/","title":{"rendered":"Schulinterne Curricula"},"content":{"rendered":"\n<p>Jeder Fachbereich am Goethe-Gymnasium erstellt f\u00fcr sein Fach \/ seine F\u00e4cher auf der Grundlage der Berliner Rahmenlehrpl\u00e4ne (Teil C) ein schulinternes Curriculum. Darin l\u00e4sst sich z. B. ablesen, wie der Lernstoff in den Klassenstufen verteilt ist oder welche Kompetenzen von den Lernenden erworben werden sollen, welche fachbezogenen Festlegungen es gibt oder wo fach\u00fcbergreifende Bez\u00fcge hergestellt werden. Auf diese Weise soll ein m\u00f6glichst einheitliches p\u00e4dagogisches Handeln der Fachlehrkr\u00e4fte in ihren jeweiligen F\u00e4chern sichergestellt werden.<\/p>\n\n\n\n<p>Nat\u00fcrlich sind die schulinternen Curricula einem st\u00e4ndigen Entwicklungsprozess unterworfen. So k\u00f6nnen sich z. B. \u00c4nderungen durch ein neues Lehrbuch oder neue schulgesetzliche Regelungen ergeben.<\/p>\n\n\n\n<p>Schulinterne Curricula der einzelnen F\u00e4cher in alphabetischer Reihenfolge:<\/p>\n\n\n\n<ul class=\"wp-block-list\">\n<li><a aria-label=\"Altgriechisch (\u00f6ffnet in neuem Tab)\" href=\"http:\/\/goethe-gymnasium.berlin\/wp-content\/uploads\/2019\/07\/SchiC-7-12_Altgriechisch.pdf\" target=\"_blank\" rel=\"noreferrer noopener\">Altgriechisch<\/a> (Klasse 7 &#8211; 12; inklusive Hinweise zur Leistungsbewertung)<\/li>\n\n\n\n<li><a aria-label=\"Bildende Kunst (\u00f6ffnet in neuem Tab)\" href=\"http:\/\/goethe-gymnasium.berlin\/wp-content\/uploads\/2019\/08\/SchiC-5-10_Kunst.pdf\" target=\"_blank\" rel=\"noreferrer noopener\">Bildende Kunst<\/a> (Klasse 5 &#8211; 10)<\/li>\n\n\n\n<li><a href=\"https:\/\/goethe-gymnasium.berlin\/wp-content\/uploads\/2019\/08\/SchiC-79-10_Biologie.pdf\">Biologie<\/a> (Klasse 7, 9 &#8211; 10)<\/li>\n\n\n\n<li><a href=\"https:\/\/goethe-gymnasium.berlin\/wp-content\/uploads\/2021\/03\/SchiC_Chemie_SekI_Goethe-Gym_2019_05.pdf\" target=\"_blank\" rel=\"noreferrer noopener\">Chemie<\/a> (Klasse 8 &#8211; 10)<\/li>\n\n\n\n<li><a href=\"https:\/\/goethe-gymnasium.berlin\/wp-content\/uploads\/2021\/08\/schulinternesCurriculum.5.-10.Jg_._deutsch.pdf\" target=\"_blank\" rel=\"noreferrer noopener\">Deutsch <\/a>(Klasse 5 &#8211; 10)<\/li>\n\n\n\n<li>Englisch <a href=\"https:\/\/goethe-gymnasium.berlin\/wp-content\/uploads\/2021\/04\/SchiC_5-10_Englisch.pdf\" target=\"_blank\" rel=\"noreferrer noopener\">(Klasse 5 &#8211; 10<\/a>, <a href=\"https:\/\/goethe-gymnasium.berlin\/wp-content\/uploads\/2019\/08\/SchiC-11-12_EnglischSekII.pdf\" target=\"_blank\" rel=\"noreferrer noopener\">Klasse 11 &#8211; 12<\/a>)<\/li>\n\n\n\n<li><a aria-label=\"Ethik (\u00f6ffnet in neuem Tab)\" href=\"http:\/\/goethe-gymnasium.berlin\/wp-content\/uploads\/2019\/08\/SchiC-7-10_Ethik.pdf\" target=\"_blank\" rel=\"noreferrer noopener\">Ethik<\/a> (Klasse 7 &#8211; 10)<\/li>\n\n\n\n<li>Franz\u00f6sisch (<a href=\"https:\/\/goethe-gymnasium.berlin\/wp-content\/uploads\/2021\/04\/SchiC_8-9_Franzoesisch_FS3.pdf\" target=\"_blank\" rel=\"noreferrer noopener\">Klasse 8 &#8211; 9 (FS 3)<\/a>; <a href=\"https:\/\/goethe-gymnasium.berlin\/wp-content\/uploads\/2019\/08\/SchiC-10_Franz\u00f6sisch-FS-4.pdf\" target=\"_blank\" rel=\"noreferrer noopener\">Klasse 10 (FS 4)<\/a>)<\/li>\n\n\n\n<li><a aria-label=\"Geographie (\u00f6ffnet in neuem Tab)\" href=\"http:\/\/goethe-gymnasium.berlin\/wp-content\/uploads\/2019\/08\/SchiC-7-10_Geographie.pdf\" target=\"_blank\" rel=\"noreferrer noopener\">Geographie<\/a> (Klasse 7 &#8211; 10)<\/li>\n\n\n\n<li>Geschichte (<a href=\"https:\/\/goethe-gymnasium.berlin\/wp-content\/uploads\/2021\/08\/geschichte_schic-2021.pdf\">Klasse 7 &#8211; 10<\/a>, <a href=\"https:\/\/goethe-gymnasium.berlin\/wp-content\/uploads\/2021\/03\/Curriculum-LKGeschichte.pdf\">Klasse 11 &#8211; 12<\/a>)<\/li>\n\n\n\n<li><a href=\"https:\/\/goethe-gymnasium.berlin\/wp-content\/uploads\/2021\/08\/gewi_schic-2021.pdf\">Gesellschaftswissenschaften <\/a>(&#8222;GeWi&#8220;; Klasse 5 &#8211; 6)<\/li>\n\n\n\n<li><a aria-label=\"Latein (\u00f6ffnet in neuem Tab)\" href=\"http:\/\/goethe-gymnasium.berlin\/wp-content\/uploads\/2019\/07\/SchiC-5-12_Latein.pdf\" target=\"_blank\" rel=\"noreferrer noopener\">Latein<\/a> (Klasse 5 &#8211; 12; inklusive Hinweise zur Leistungsbewertung)<\/li>\n\n\n\n<li><a aria-label=\"Mathematik (\u00f6ffnet in neuem Tab)\" href=\"http:\/\/goethe-gymnasium.berlin\/wp-content\/uploads\/2019\/08\/SchiC-5-10_Mathematik.pdf\" target=\"_blank\" rel=\"noreferrer noopener\">Mathematik<\/a> (Klasse 5 &#8211; 10)<\/li>\n\n\n\n<li><a href=\"http:\/\/goethe-gymnasium.berlin\/wp-content\/uploads\/2019\/07\/SchiC-5-10_Musik.pdf\" target=\"_blank\" rel=\"noreferrer noopener\">Musik<\/a> (Klasse 5 &#8211; 10)<\/li>\n\n\n\n<li><a href=\"https:\/\/goethe-gymnasium.berlin\/wp-content\/uploads\/2019\/08\/SchiC-5-6_Naturwissenschaften.pdf\">Naturwissenschaften <\/a>(&#8222;NaWi&#8220;, Klasse 5 &#8211; 6)<\/li>\n\n\n\n<li><a aria-label=\"Philosophie (\u00f6ffnet in neuem Tab)\" href=\"http:\/\/goethe-gymnasium.berlin\/wp-content\/uploads\/2019\/08\/SchiC-11-12_Philosophie.pdf\" target=\"_blank\" rel=\"noreferrer noopener\">Philosophie<\/a> (Klasse 11 &#8211; 12)<\/li>\n\n\n\n<li><a href=\"https:\/\/goethe-gymnasium.berlin\/wp-content\/uploads\/2021\/08\/Physik-SchiC-Goethe-Gymnasium-Stand-Mai-2021.pdf\">Physik<\/a> (Klasse 7 &#8211; 10)<\/li>\n\n\n\n<li><a href=\"https:\/\/goethe-gymnasium.berlin\/wp-content\/uploads\/2021\/03\/SchiC-Politische-Bildung-7-10.pdf\" target=\"_blank\" rel=\"noreferrer noopener\">Politische Bildung<\/a> (Klasse 7 &#8211; 10)<\/li>\n\n\n\n<li><a href=\"https:\/\/goethe-gymnasium.berlin\/wp-content\/uploads\/2021\/03\/Schulinternes-Curriculum-Politische-Wissenschaften.pdf\">Politikwissenschaft<\/a> (Klasse 11 &#8211; 12)<\/li>\n\n\n\n<li><a aria-label=\"Religion, evangelisch (\u00f6ffnet in neuem Tab)\" href=\"http:\/\/goethe-gymnasium.berlin\/wp-content\/uploads\/2019\/10\/SchiC-5-10_Religion.pdf\" target=\"_blank\" rel=\"noreferrer noopener\">Religion, evangelisch<\/a> (Klasse 5 &#8211; 10)<\/li>\n\n\n\n<li><a href=\"https:\/\/goethe-gymnasium.berlin\/wp-content\/uploads\/2025\/06\/SchiC_Sport-2025-06.pdf\" target=\"_blank\" rel=\"noreferrer noopener\">Sport<\/a> (Klasse 5 &#8211; 12, Stand 2025-06)<\/li>\n<\/ul>\n\n\n\n<p class=\"has-text-align-right\"><em>Stand: Schuljahr 2024\/25<\/em><\/p>\n","protected":false},"excerpt":{"rendered":"<p>Jeder Fachbereich am Goethe-Gymnasium erstellt f\u00fcr sein Fach \/ seine F\u00e4cher auf der Grundlage der Berliner Rahmenlehrpl\u00e4ne (Teil C) ein <a class=\"more-link\" href=\"https:\/\/goethe-gymnasium.berlin\/index.php\/wissenswertes\/downloads\/schulinterne-curricula\/\">Weiterlesen &#8230;<\/a><\/p>\n","protected":false},"author":4,"featured_media":0,"parent":263,"menu_order":0,"comment_status":"closed","ping_status":"closed","template":"","meta":{"footnotes":""},"categories":[10,116],"tags":[207,208,205,206],"class_list":["post-4208","page","type-page","status-publish","hentry","category-faecher","category-wissenswertes","tag-schic","tag-schics","tag-schulinterne-curricula","tag-schulinternes-curriculum"],"yoast_head":"<!-- This site is optimized with the Yoast SEO plugin v27.4 - https:\/\/yoast.com\/product\/yoast-seo-wordpress\/ -->\n<title>Schulinterne Curricula - Goethe-Gymnasium Berlin-Wilmersdorf<\/title>\n<meta name=\"robots\" content=\"index, follow, max-snippet:-1, max-image-preview:large, max-video-preview:-1\" \/>\n<link rel=\"canonical\" href=\"https:\/\/goethe-gymnasium.berlin\/index.php\/wissenswertes\/downloads\/schulinterne-curricula\/\" \/>\n<meta property=\"og:locale\" content=\"de_DE\" \/>\n<meta property=\"og:type\" content=\"article\" \/>\n<meta property=\"og:title\" content=\"Schulinterne Curricula - Goethe-Gymnasium Berlin-Wilmersdorf\" \/>\n<meta property=\"og:description\" content=\"Jeder Fachbereich am Goethe-Gymnasium erstellt f\u00fcr sein Fach \/ seine F\u00e4cher auf der Grundlage der Berliner Rahmenlehrpl\u00e4ne (Teil C) ein Weiterlesen ...\" \/>\n<meta property=\"og:url\" content=\"https:\/\/goethe-gymnasium.berlin\/index.php\/wissenswertes\/downloads\/schulinterne-curricula\/\" \/>\n<meta property=\"og:site_name\" content=\"Goethe-Gymnasium Berlin-Wilmersdorf\" \/>\n<meta property=\"article:publisher\" content=\"https:\/\/www.facebook.com\/pages\/Goethe-Gymnasium\/109376575754402\" \/>\n<meta property=\"article:modified_time\" content=\"2025-06-23T20:26:05+00:00\" \/>\n<meta property=\"og:image\" content=\"https:\/\/goethe-gymnasium.berlin\/wp-content\/uploads\/2018\/06\/goethe-front-light.jpg\" \/>\n\t<meta property=\"og:image:width\" content=\"1200\" \/>\n\t<meta property=\"og:image:height\" content=\"600\" \/>\n\t<meta property=\"og:image:type\" content=\"image\/jpeg\" \/>\n<meta name=\"twitter:card\" content=\"summary_large_image\" \/>\n<meta name=\"twitter:label1\" content=\"Gesch\u00e4tzte Lesezeit\" \/>\n\t<meta name=\"twitter:data1\" content=\"2\u00a0Minuten\" \/>\n<script type=\"application\/ld+json\" class=\"yoast-schema-graph\">{\"@context\":\"https:\\\/\\\/schema.org\",\"@graph\":[{\"@type\":\"WebPage\",\"@id\":\"https:\\\/\\\/goethe-gymnasium.berlin\\\/index.php\\\/wissenswertes\\\/downloads\\\/schulinterne-curricula\\\/\",\"url\":\"https:\\\/\\\/goethe-gymnasium.berlin\\\/index.php\\\/wissenswertes\\\/downloads\\\/schulinterne-curricula\\\/\",\"name\":\"Schulinterne Curricula - Goethe-Gymnasium Berlin-Wilmersdorf\",\"isPartOf\":{\"@id\":\"https:\\\/\\\/goethe-gymnasium.berlin\\\/#website\"},\"datePublished\":\"2019-07-29T22:29:01+00:00\",\"dateModified\":\"2025-06-23T20:26:05+00:00\",\"breadcrumb\":{\"@id\":\"https:\\\/\\\/goethe-gymnasium.berlin\\\/index.php\\\/wissenswertes\\\/downloads\\\/schulinterne-curricula\\\/#breadcrumb\"},\"inLanguage\":\"de\",\"potentialAction\":[{\"@type\":\"ReadAction\",\"target\":[\"https:\\\/\\\/goethe-gymnasium.berlin\\\/index.php\\\/wissenswertes\\\/downloads\\\/schulinterne-curricula\\\/\"]}]},{\"@type\":\"BreadcrumbList\",\"@id\":\"https:\\\/\\\/goethe-gymnasium.berlin\\\/index.php\\\/wissenswertes\\\/downloads\\\/schulinterne-curricula\\\/#breadcrumb\",\"itemListElement\":[{\"@type\":\"ListItem\",\"position\":1,\"name\":\"Startseite\",\"item\":\"https:\\\/\\\/goethe-gymnasium.berlin\\\/\"},{\"@type\":\"ListItem\",\"position\":2,\"name\":\"Wissenswertes\",\"item\":\"https:\\\/\\\/goethe-gymnasium.berlin\\\/index.php\\\/wissenswertes\\\/\"},{\"@type\":\"ListItem\",\"position\":3,\"name\":\"Downloads\",\"item\":\"https:\\\/\\\/goethe-gymnasium.berlin\\\/index.php\\\/wissenswertes\\\/downloads\\\/\"},{\"@type\":\"ListItem\",\"position\":4,\"name\":\"Schulinterne Curricula\"}]},{\"@type\":\"WebSite\",\"@id\":\"https:\\\/\\\/goethe-gymnasium.berlin\\\/#website\",\"url\":\"https:\\\/\\\/goethe-gymnasium.berlin\\\/\",\"name\":\"Goethe-Gymnasium Berlin-Wilmersdorf\",\"description\":\"\",\"publisher\":{\"@id\":\"https:\\\/\\\/goethe-gymnasium.berlin\\\/#organization\"},\"potentialAction\":[{\"@type\":\"SearchAction\",\"target\":{\"@type\":\"EntryPoint\",\"urlTemplate\":\"https:\\\/\\\/goethe-gymnasium.berlin\\\/?s={search_term_string}\"},\"query-input\":{\"@type\":\"PropertyValueSpecification\",\"valueRequired\":true,\"valueName\":\"search_term_string\"}}],\"inLanguage\":\"de\"},{\"@type\":\"Organization\",\"@id\":\"https:\\\/\\\/goethe-gymnasium.berlin\\\/#organization\",\"name\":\"Goethe-Gymnasium Berlin-Wilmersdorf\",\"url\":\"https:\\\/\\\/goethe-gymnasium.berlin\\\/\",\"logo\":{\"@type\":\"ImageObject\",\"inLanguage\":\"de\",\"@id\":\"https:\\\/\\\/goethe-gymnasium.berlin\\\/#\\\/schema\\\/logo\\\/image\\\/\",\"url\":\"https:\\\/\\\/goethe-gymnasium.berlin\\\/wp-content\\\/uploads\\\/2018\\\/04\\\/goethe-logo_hoch.png\",\"contentUrl\":\"https:\\\/\\\/goethe-gymnasium.berlin\\\/wp-content\\\/uploads\\\/2018\\\/04\\\/goethe-logo_hoch.png\",\"width\":755,\"height\":514,\"caption\":\"Goethe-Gymnasium Berlin-Wilmersdorf\"},\"image\":{\"@id\":\"https:\\\/\\\/goethe-gymnasium.berlin\\\/#\\\/schema\\\/logo\\\/image\\\/\"},\"sameAs\":[\"https:\\\/\\\/www.facebook.com\\\/pages\\\/Goethe-Gymnasium\\\/109376575754402\",\"https:\\\/\\\/www.youtube.com\\\/channel\\\/UCMKuMVF9h_YkS3zmEp7SnzQ\"]}]}<\/script>\n<!-- \/ Yoast SEO plugin. -->","yoast_head_json":{"title":"Schulinterne Curricula - Goethe-Gymnasium Berlin-Wilmersdorf","robots":{"index":"index","follow":"follow","max-snippet":"max-snippet:-1","max-image-preview":"max-image-preview:large","max-video-preview":"max-video-preview:-1"},"canonical":"https:\/\/goethe-gymnasium.berlin\/index.php\/wissenswertes\/downloads\/schulinterne-curricula\/","og_locale":"de_DE","og_type":"article","og_title":"Schulinterne Curricula - Goethe-Gymnasium Berlin-Wilmersdorf","og_description":"Jeder Fachbereich am Goethe-Gymnasium erstellt f\u00fcr sein Fach \/ seine F\u00e4cher auf der Grundlage der Berliner Rahmenlehrpl\u00e4ne (Teil C) ein Weiterlesen ...","og_url":"https:\/\/goethe-gymnasium.berlin\/index.php\/wissenswertes\/downloads\/schulinterne-curricula\/","og_site_name":"Goethe-Gymnasium Berlin-Wilmersdorf","article_publisher":"https:\/\/www.facebook.com\/pages\/Goethe-Gymnasium\/109376575754402","article_modified_time":"2025-06-23T20:26:05+00:00","og_image":[{"width":1200,"height":600,"url":"https:\/\/goethe-gymnasium.berlin\/wp-content\/uploads\/2018\/06\/goethe-front-light.jpg","type":"image\/jpeg"}],"twitter_card":"summary_large_image","twitter_misc":{"Gesch\u00e4tzte Lesezeit":"2\u00a0Minuten"},"schema":{"@context":"https:\/\/schema.org","@graph":[{"@type":"WebPage","@id":"https:\/\/goethe-gymnasium.berlin\/index.php\/wissenswertes\/downloads\/schulinterne-curricula\/","url":"https:\/\/goethe-gymnasium.berlin\/index.php\/wissenswertes\/downloads\/schulinterne-curricula\/","name":"Schulinterne Curricula - Goethe-Gymnasium Berlin-Wilmersdorf","isPartOf":{"@id":"https:\/\/goethe-gymnasium.berlin\/#website"},"datePublished":"2019-07-29T22:29:01+00:00","dateModified":"2025-06-23T20:26:05+00:00","breadcrumb":{"@id":"https:\/\/goethe-gymnasium.berlin\/index.php\/wissenswertes\/downloads\/schulinterne-curricula\/#breadcrumb"},"inLanguage":"de","potentialAction":[{"@type":"ReadAction","target":["https:\/\/goethe-gymnasium.berlin\/index.php\/wissenswertes\/downloads\/schulinterne-curricula\/"]}]},{"@type":"BreadcrumbList","@id":"https:\/\/goethe-gymnasium.berlin\/index.php\/wissenswertes\/downloads\/schulinterne-curricula\/#breadcrumb","itemListElement":[{"@type":"ListItem","position":1,"name":"Startseite","item":"https:\/\/goethe-gymnasium.berlin\/"},{"@type":"ListItem","position":2,"name":"Wissenswertes","item":"https:\/\/goethe-gymnasium.berlin\/index.php\/wissenswertes\/"},{"@type":"ListItem","position":3,"name":"Downloads","item":"https:\/\/goethe-gymnasium.berlin\/index.php\/wissenswertes\/downloads\/"},{"@type":"ListItem","position":4,"name":"Schulinterne Curricula"}]},{"@type":"WebSite","@id":"https:\/\/goethe-gymnasium.berlin\/#website","url":"https:\/\/goethe-gymnasium.berlin\/","name":"Goethe-Gymnasium Berlin-Wilmersdorf","description":"","publisher":{"@id":"https:\/\/goethe-gymnasium.berlin\/#organization"},"potentialAction":[{"@type":"SearchAction","target":{"@type":"EntryPoint","urlTemplate":"https:\/\/goethe-gymnasium.berlin\/?s={search_term_string}"},"query-input":{"@type":"PropertyValueSpecification","valueRequired":true,"valueName":"search_term_string"}}],"inLanguage":"de"},{"@type":"Organization","@id":"https:\/\/goethe-gymnasium.berlin\/#organization","name":"Goethe-Gymnasium Berlin-Wilmersdorf","url":"https:\/\/goethe-gymnasium.berlin\/","logo":{"@type":"ImageObject","inLanguage":"de","@id":"https:\/\/goethe-gymnasium.berlin\/#\/schema\/logo\/image\/","url":"https:\/\/goethe-gymnasium.berlin\/wp-content\/uploads\/2018\/04\/goethe-logo_hoch.png","contentUrl":"https:\/\/goethe-gymnasium.berlin\/wp-content\/uploads\/2018\/04\/goethe-logo_hoch.png","width":755,"height":514,"caption":"Goethe-Gymnasium Berlin-Wilmersdorf"},"image":{"@id":"https:\/\/goethe-gymnasium.berlin\/#\/schema\/logo\/image\/"},"sameAs":["https:\/\/www.facebook.com\/pages\/Goethe-Gymnasium\/109376575754402","https:\/\/www.youtube.com\/channel\/UCMKuMVF9h_YkS3zmEp7SnzQ"]}]}},"_links":{"self":[{"href":"https:\/\/goethe-gymnasium.berlin\/index.php\/wp-json\/wp\/v2\/pages\/4208","targetHints":{"allow":["GET"]}}],"collection":[{"href":"https:\/\/goethe-gymnasium.berlin\/index.php\/wp-json\/wp\/v2\/pages"}],"about":[{"href":"https:\/\/goethe-gymnasium.berlin\/index.php\/wp-json\/wp\/v2\/types\/page"}],"author":[{"embeddable":true,"href":"https:\/\/goethe-gymnasium.berlin\/index.php\/wp-json\/wp\/v2\/users\/4"}],"replies":[{"embeddable":true,"href":"https:\/\/goethe-gymnasium.berlin\/index.php\/wp-json\/wp\/v2\/comments?post=4208"}],"version-history":[{"count":25,"href":"https:\/\/goethe-gymnasium.berlin\/index.php\/wp-json\/wp\/v2\/pages\/4208\/revisions"}],"predecessor-version":[{"id":13324,"href":"https:\/\/goethe-gymnasium.berlin\/index.php\/wp-json\/wp\/v2\/pages\/4208\/revisions\/13324"}],"up":[{"embeddable":true,"href":"https:\/\/goethe-gymnasium.berlin\/index.php\/wp-json\/wp\/v2\/pages\/263"}],"wp:attachment":[{"href":"https:\/\/goethe-gymnasium.berlin\/index.php\/wp-json\/wp\/v2\/media?parent=4208"}],"wp:term":[{"taxonomy":"category","embeddable":true,"href":"https:\/\/goethe-gymnasium.berlin\/index.php\/wp-json\/wp\/v2\/categories?post=4208"},{"taxonomy":"post_tag","embeddable":true,"href":"https:\/\/goethe-gymnasium.berlin\/index.php\/wp-json\/wp\/v2\/tags?post=4208"}],"curies":[{"name":"wp","href":"https:\/\/api.w.org\/{rel}","templated":true}]}}