{"id":38,"date":"2018-04-24T11:00:55","date_gmt":"2018-04-24T11:00:55","guid":{"rendered":"http:\/\/goethe-gymnasium.berlin\/?page_id=38"},"modified":"2023-12-17T22:36:25","modified_gmt":"2023-12-17T21:36:25","slug":"jazzkooperative","status":"publish","type":"page","link":"https:\/\/goethe-gymnasium.berlin\/index.php\/schule\/kooperationen\/jazzkooperative\/","title":{"rendered":"Jazzkooperative"},"content":{"rendered":"<div id=\"ja-content\" class=\"column\">\n<div id=\"ja-current-content\" class=\"column\">\n<div id=\"ja-content-main\" class=\"ja-content-main clearfix\">\n<div class=\"item-page clearfix\">\n<p>Am Goethe-Gymnasium gibt es eine hervorragende und erfolgreiche Jazz-AG, \u00fcber welche die Webseite <a href=\"https:\/\/www.goethe-jazz.de\/\" target=\"_blank\" rel=\"noopener noreferrer\">Jazz am Goethe-Gymnasium<\/a> genauer informiert.<\/p>\n<p>Die <a href=\"http:\/\/www.jazzkooperative.de\/\" target=\"_blank\" rel=\"noopener noreferrer\">Jazzkooperative Berlin<\/a> besteht aus f\u00fcnf Bigbands, der <a href=\"https:\/\/www.goethe-jazz.de\/juniorjazzband\/\" target=\"_blank\" rel=\"noopener noreferrer\">Junior Jazz Band<\/a> , der <a href=\"https:\/\/www.goethe-jazz.de\/combo\/\" target=\"_blank\" rel=\"noopener noreferrer\">C.O.M.B.O<\/a> (beide Goethe-Gymnasium), der <a class=\"normal\" href=\"http:\/\/www.musik-am-agd.de\/pages\/ensembles\/bigbands\/liftband.html\" target=\"_blank\" rel=\"noopener noreferrer\">Liftband<\/a>, der <a class=\"normal\" href=\"http:\/\/www.musik-am-agd.de\/pages\/ensembles\/bigbands\/major7band.html\" target=\"_blank\" rel=\"noopener noreferrer\">Major 7 Band<\/a> (beide Arndt-Gymnasium Berlin-Dahlem) und der <a href=\"https:\/\/www.goethe-jazz.de\/united-big-band\/\" target=\"_blank\" rel=\"noopener noreferrer\">United Big Band<\/a>. Hierbei entsprechen die Liftband und die Major 7 Band am Arndt-Gymnasium der Junior Jazz Band und der Combo am Goethe-Gymnasium. Die United Big Band wird von Sch\u00fcler\/innen beider Schulen besetzt.<\/p>\n<h4>Junior Jazz Band<\/h4>\n<p>Bereits in der 5. Klasse erhalten unsere Neuank\u00f6mmlinge am Goethe-Gymnasium das Angebot, eines der Instrumente zu lernen, die in einer Big Band gebraucht werden. Die erste Lernphase an dem jeweiligen Instrument wird von einem durch die Bandleader vermittelten Instrumentallehrer begleitet (Bl\u00e4serschule). Wenn das Kind sein Instrument einigerma\u00dfen beherrscht, hat es die M\u00f6glichkeit, der <strong>Junior Jazz Band <\/strong>(Leitung: Stefan Kapitzke)\u00a0 beizutreten und dort mit anderen Sch\u00fcler\/innen, die auf dem gleichen Stand sind, sich an seinem Instrument und musikalisch weiterzuentwickeln und Big-Band-Erfahrung zu sammeln.<\/p>\n<h4>C.O.M.B.O<\/h4>\n<p>Wer nach einigen Jahren dann so weit fortgeschritten ist, dass er\/sie sich an anspruchsvolleren St\u00fccken versuchen will, hat die M\u00f6glichkeit in die <strong>C.O.M.B.O<\/strong> &#8222;aufzusteigen&#8220;. Dies ist meist in der 8. Klasse der Fall und erfolgt \u00fcber ein Vorspiel, das sogenannte &#8222;Opening&#8220;. In der C.O.M.B.O (Leitung: Christian Fischer) kann man dann mit anderen fortgeschrittenen Sch\u00fcler\/innen, die in der Regel schon aus der Unterstufenband bekannt sind, weiter musizieren.<\/p>\n<h4>United Big Band<\/h4>\n<p>Die <strong>United Big Band<\/strong> unter der Leitung von Dr. Martin Burgaller ist schlie\u00dflich die Oberstufenband der Jazzkooperative. Sie probt am Arndt-Gymnasium und setzt sich derzeitig aus Sch\u00fcler\/innen von f\u00fcnf Berliner Gymnasien zusammen: Arndt-Gymnasium, Goethe-Gymnasium, Gymnasium Steglitz, Kant-Gymnasium Spandau, Rheingau-Gymnasium. Auftritte bei Wettbewerben oder au\u00dferschulischen Veranstaltungen sind keine Seltenheit. Trotzdem wird hinsichtlich der \u00dcbungszeiten viel R\u00fccksicht auf schulische Aufgaben (Abiturvorbereitung, Klausurvorbereitung, usw.) genommen.<\/p>\n<h4>Probenfahrt und Auftritte<\/h4>\n<p>Wichtig f\u00fcr die die Integration neuer Bandmitglieder und die Erarbeitung des Repertoires, das von Swing bis Pop reicht, ist die j\u00e4hrliche Probenfahrt im Januar, bei der eine Woche lang die Detailarbeit an den verschiedenen St\u00fccken im Vordergrund steht.<\/p>\n<p>Seit einigen Jahren stehen verschiedene Auftrittstermine regelm\u00e4\u00dfig im Programm, z. B.:<\/p>\n<ul>\n<li>JazzNights am Goethe-Gymnasium und am Arndt-Gymnasium (In der <a href=\"http:\/\/goethe-gymnasium.berlin\/index.php\/schule\/jazzkooperative\/galerie-der-jazznights\/\">Galerie der JazzNights<\/a> sind alle Plakate der bisherigen JazzNights gesammelt und auf dem <a href=\"https:\/\/www.youtube.com\/channel\/UCMKuMVF9h_YkS3zmEp7SnzQ\" target=\"_blank\" rel=\"noopener noreferrer\">YouTube Channel des Goethe-Gymnasiums<\/a> sind Videos ausgew\u00e4hlter Auftritte ver\u00f6ffentlicht.)<\/li>\n<li>Berlin-Marathon<\/li>\n<li>Konzerte im Jazzclub &#8222;Schlot&#8220;<\/li>\n<li>Geschichtsfestival Historiale im Nikolaiviertel<\/li>\n<li>Open Air Big Band Meeting<\/li>\n<li><a href=\"http:\/\/goethe-gymnasium.berlin\/index.php\/2019\/05\/29\/big-band-gewinnt-landesausscheidung-des-orchesterwettbewerbs\/\" target=\"_blank\" rel=\"noopener noreferrer\">Deutscher Orchesterwettbewerb<\/a><\/li>\n<li><a href=\"http:\/\/goethe-gymnasium.berlin\/index.php\/2018\/05\/17\/jugendjazzt2018\/\" target=\"_blank\" rel=\"noopener noreferrer\">Jugend jazzt<\/a><\/li>\n<li><a href=\"http:\/\/goethe-gymnasium.berlin\/index.php\/2019\/11\/15\/neue-erfolge-beim-berliner-jazztreff\/\" target=\"_blank\" rel=\"noopener noreferrer\">Berliner Jazztreff<\/a><\/li>\n<\/ul>\n<p>Ein besonderes Highlight war die zweiw\u00f6chige Reise der United Big Band nach Madagaskar im Sommer 2012. Was die Sch\u00fcler\/innen dort erlebten erfahren Sie in dem Fernsehbericht der Deutschen Welle in der Sendung PopXport vom 13. Juli 2012: &#8222;United Big Band &#8211; Grooves for Madagaskar&#8220;.<\/p>\n<p>Im Fr\u00fchjahr 2016 haben Junior Jazz Band und C.O.M.B.O nach intensiver Studioarbeit ihre erste eigene CD Goethe Goes Jazz herausgebracht!<\/p>\n<p style=\"text-align: right;\"><em>Aktualisierung des Textes: Frau Dr. Weber nach Informationen der Jazzkooperative (Schuljahr 2018\/19)<\/em><\/p>\n<\/div>\n<\/div>\n<\/div>\n<div id=\"banner\"><\/div>\n<\/div>\n","protected":false},"excerpt":{"rendered":"<p>Am Goethe-Gymnasium gibt es eine hervorragende und erfolgreiche Jazz-AG, \u00fcber welche die Webseite Jazz am Goethe-Gymnasium genauer informiert. Die Jazzkooperative <a class=\"more-link\" href=\"https:\/\/goethe-gymnasium.berlin\/index.php\/schule\/kooperationen\/jazzkooperative\/\">Weiterlesen &#8230;<\/a><\/p>\n","protected":false},"author":1,"featured_media":2474,"parent":36,"menu_order":0,"comment_status":"closed","ping_status":"closed","template":"","meta":{"footnotes":""},"categories":[15,4],"tags":[76],"class_list":["post-38","page","type-page","status-publish","has-post-thumbnail","hentry","category-musik","category-schulleben","tag-jazzkooperative"],"yoast_head":"<!-- This site is optimized with the Yoast SEO plugin v27.3 - https:\/\/yoast.com\/product\/yoast-seo-wordpress\/ -->\n<title>Jazzkooperative - Goethe-Gymnasium Berlin-Wilmersdorf<\/title>\n<meta name=\"robots\" content=\"index, follow, max-snippet:-1, max-image-preview:large, max-video-preview:-1\" \/>\n<link rel=\"canonical\" href=\"https:\/\/goethe-gymnasium.berlin\/index.php\/schule\/kooperationen\/jazzkooperative\/\" \/>\n<meta property=\"og:locale\" content=\"de_DE\" \/>\n<meta property=\"og:type\" content=\"article\" \/>\n<meta property=\"og:title\" content=\"Jazzkooperative - Goethe-Gymnasium Berlin-Wilmersdorf\" \/>\n<meta property=\"og:description\" content=\"Am Goethe-Gymnasium gibt es eine hervorragende und erfolgreiche Jazz-AG, \u00fcber welche die Webseite Jazz am Goethe-Gymnasium genauer informiert. Die Jazzkooperative Weiterlesen ...\" \/>\n<meta property=\"og:url\" content=\"https:\/\/goethe-gymnasium.berlin\/index.php\/schule\/kooperationen\/jazzkooperative\/\" \/>\n<meta property=\"og:site_name\" content=\"Goethe-Gymnasium Berlin-Wilmersdorf\" \/>\n<meta property=\"article:publisher\" content=\"https:\/\/www.facebook.com\/pages\/Goethe-Gymnasium\/109376575754402\" \/>\n<meta property=\"article:modified_time\" content=\"2023-12-17T21:36:25+00:00\" \/>\n<meta property=\"og:image\" content=\"https:\/\/goethe-gymnasium.berlin\/wp-content\/uploads\/2018\/11\/goethe_jazz.jpg\" \/>\n\t<meta property=\"og:image:width\" content=\"1239\" \/>\n\t<meta property=\"og:image:height\" content=\"1097\" \/>\n\t<meta property=\"og:image:type\" content=\"image\/jpeg\" \/>\n<meta name=\"twitter:card\" content=\"summary_large_image\" \/>\n<meta name=\"twitter:label1\" content=\"Gesch\u00e4tzte Lesezeit\" \/>\n\t<meta name=\"twitter:data1\" content=\"3\u00a0Minuten\" \/>\n<script type=\"application\/ld+json\" class=\"yoast-schema-graph\">{\"@context\":\"https:\\\/\\\/schema.org\",\"@graph\":[{\"@type\":\"WebPage\",\"@id\":\"https:\\\/\\\/goethe-gymnasium.berlin\\\/index.php\\\/schule\\\/kooperationen\\\/jazzkooperative\\\/\",\"url\":\"https:\\\/\\\/goethe-gymnasium.berlin\\\/index.php\\\/schule\\\/kooperationen\\\/jazzkooperative\\\/\",\"name\":\"Jazzkooperative - Goethe-Gymnasium Berlin-Wilmersdorf\",\"isPartOf\":{\"@id\":\"https:\\\/\\\/goethe-gymnasium.berlin\\\/#website\"},\"primaryImageOfPage\":{\"@id\":\"https:\\\/\\\/goethe-gymnasium.berlin\\\/index.php\\\/schule\\\/kooperationen\\\/jazzkooperative\\\/#primaryimage\"},\"image\":{\"@id\":\"https:\\\/\\\/goethe-gymnasium.berlin\\\/index.php\\\/schule\\\/kooperationen\\\/jazzkooperative\\\/#primaryimage\"},\"thumbnailUrl\":\"https:\\\/\\\/goethe-gymnasium.berlin\\\/wp-content\\\/uploads\\\/2018\\\/11\\\/goethe_jazz.jpg\",\"datePublished\":\"2018-04-24T11:00:55+00:00\",\"dateModified\":\"2023-12-17T21:36:25+00:00\",\"breadcrumb\":{\"@id\":\"https:\\\/\\\/goethe-gymnasium.berlin\\\/index.php\\\/schule\\\/kooperationen\\\/jazzkooperative\\\/#breadcrumb\"},\"inLanguage\":\"de\",\"potentialAction\":[{\"@type\":\"ReadAction\",\"target\":[\"https:\\\/\\\/goethe-gymnasium.berlin\\\/index.php\\\/schule\\\/kooperationen\\\/jazzkooperative\\\/\"]}]},{\"@type\":\"ImageObject\",\"inLanguage\":\"de\",\"@id\":\"https:\\\/\\\/goethe-gymnasium.berlin\\\/index.php\\\/schule\\\/kooperationen\\\/jazzkooperative\\\/#primaryimage\",\"url\":\"https:\\\/\\\/goethe-gymnasium.berlin\\\/wp-content\\\/uploads\\\/2018\\\/11\\\/goethe_jazz.jpg\",\"contentUrl\":\"https:\\\/\\\/goethe-gymnasium.berlin\\\/wp-content\\\/uploads\\\/2018\\\/11\\\/goethe_jazz.jpg\",\"width\":1239,\"height\":1097,\"caption\":\"Jazziger Goethe\"},{\"@type\":\"BreadcrumbList\",\"@id\":\"https:\\\/\\\/goethe-gymnasium.berlin\\\/index.php\\\/schule\\\/kooperationen\\\/jazzkooperative\\\/#breadcrumb\",\"itemListElement\":[{\"@type\":\"ListItem\",\"position\":1,\"name\":\"Startseite\",\"item\":\"https:\\\/\\\/goethe-gymnasium.berlin\\\/\"},{\"@type\":\"ListItem\",\"position\":2,\"name\":\"Schule\",\"item\":\"https:\\\/\\\/goethe-gymnasium.berlin\\\/index.php\\\/schule\\\/\"},{\"@type\":\"ListItem\",\"position\":3,\"name\":\"Kooperationen\",\"item\":\"https:\\\/\\\/goethe-gymnasium.berlin\\\/index.php\\\/schule\\\/kooperationen\\\/\"},{\"@type\":\"ListItem\",\"position\":4,\"name\":\"Jazzkooperative\"}]},{\"@type\":\"WebSite\",\"@id\":\"https:\\\/\\\/goethe-gymnasium.berlin\\\/#website\",\"url\":\"https:\\\/\\\/goethe-gymnasium.berlin\\\/\",\"name\":\"Goethe-Gymnasium Berlin-Wilmersdorf\",\"description\":\"\",\"publisher\":{\"@id\":\"https:\\\/\\\/goethe-gymnasium.berlin\\\/#organization\"},\"potentialAction\":[{\"@type\":\"SearchAction\",\"target\":{\"@type\":\"EntryPoint\",\"urlTemplate\":\"https:\\\/\\\/goethe-gymnasium.berlin\\\/?s={search_term_string}\"},\"query-input\":{\"@type\":\"PropertyValueSpecification\",\"valueRequired\":true,\"valueName\":\"search_term_string\"}}],\"inLanguage\":\"de\"},{\"@type\":\"Organization\",\"@id\":\"https:\\\/\\\/goethe-gymnasium.berlin\\\/#organization\",\"name\":\"Goethe-Gymnasium Berlin-Wilmersdorf\",\"url\":\"https:\\\/\\\/goethe-gymnasium.berlin\\\/\",\"logo\":{\"@type\":\"ImageObject\",\"inLanguage\":\"de\",\"@id\":\"https:\\\/\\\/goethe-gymnasium.berlin\\\/#\\\/schema\\\/logo\\\/image\\\/\",\"url\":\"https:\\\/\\\/goethe-gymnasium.berlin\\\/wp-content\\\/uploads\\\/2018\\\/04\\\/goethe-logo_hoch.png\",\"contentUrl\":\"https:\\\/\\\/goethe-gymnasium.berlin\\\/wp-content\\\/uploads\\\/2018\\\/04\\\/goethe-logo_hoch.png\",\"width\":755,\"height\":514,\"caption\":\"Goethe-Gymnasium Berlin-Wilmersdorf\"},\"image\":{\"@id\":\"https:\\\/\\\/goethe-gymnasium.berlin\\\/#\\\/schema\\\/logo\\\/image\\\/\"},\"sameAs\":[\"https:\\\/\\\/www.facebook.com\\\/pages\\\/Goethe-Gymnasium\\\/109376575754402\",\"https:\\\/\\\/www.youtube.com\\\/channel\\\/UCMKuMVF9h_YkS3zmEp7SnzQ\"]}]}<\/script>\n<!-- \/ Yoast SEO plugin. -->","yoast_head_json":{"title":"Jazzkooperative - Goethe-Gymnasium Berlin-Wilmersdorf","robots":{"index":"index","follow":"follow","max-snippet":"max-snippet:-1","max-image-preview":"max-image-preview:large","max-video-preview":"max-video-preview:-1"},"canonical":"https:\/\/goethe-gymnasium.berlin\/index.php\/schule\/kooperationen\/jazzkooperative\/","og_locale":"de_DE","og_type":"article","og_title":"Jazzkooperative - Goethe-Gymnasium Berlin-Wilmersdorf","og_description":"Am Goethe-Gymnasium gibt es eine hervorragende und erfolgreiche Jazz-AG, \u00fcber welche die Webseite Jazz am Goethe-Gymnasium genauer informiert. Die Jazzkooperative Weiterlesen ...","og_url":"https:\/\/goethe-gymnasium.berlin\/index.php\/schule\/kooperationen\/jazzkooperative\/","og_site_name":"Goethe-Gymnasium Berlin-Wilmersdorf","article_publisher":"https:\/\/www.facebook.com\/pages\/Goethe-Gymnasium\/109376575754402","article_modified_time":"2023-12-17T21:36:25+00:00","og_image":[{"width":1239,"height":1097,"url":"https:\/\/goethe-gymnasium.berlin\/wp-content\/uploads\/2018\/11\/goethe_jazz.jpg","type":"image\/jpeg"}],"twitter_card":"summary_large_image","twitter_misc":{"Gesch\u00e4tzte Lesezeit":"3\u00a0Minuten"},"schema":{"@context":"https:\/\/schema.org","@graph":[{"@type":"WebPage","@id":"https:\/\/goethe-gymnasium.berlin\/index.php\/schule\/kooperationen\/jazzkooperative\/","url":"https:\/\/goethe-gymnasium.berlin\/index.php\/schule\/kooperationen\/jazzkooperative\/","name":"Jazzkooperative - Goethe-Gymnasium Berlin-Wilmersdorf","isPartOf":{"@id":"https:\/\/goethe-gymnasium.berlin\/#website"},"primaryImageOfPage":{"@id":"https:\/\/goethe-gymnasium.berlin\/index.php\/schule\/kooperationen\/jazzkooperative\/#primaryimage"},"image":{"@id":"https:\/\/goethe-gymnasium.berlin\/index.php\/schule\/kooperationen\/jazzkooperative\/#primaryimage"},"thumbnailUrl":"https:\/\/goethe-gymnasium.berlin\/wp-content\/uploads\/2018\/11\/goethe_jazz.jpg","datePublished":"2018-04-24T11:00:55+00:00","dateModified":"2023-12-17T21:36:25+00:00","breadcrumb":{"@id":"https:\/\/goethe-gymnasium.berlin\/index.php\/schule\/kooperationen\/jazzkooperative\/#breadcrumb"},"inLanguage":"de","potentialAction":[{"@type":"ReadAction","target":["https:\/\/goethe-gymnasium.berlin\/index.php\/schule\/kooperationen\/jazzkooperative\/"]}]},{"@type":"ImageObject","inLanguage":"de","@id":"https:\/\/goethe-gymnasium.berlin\/index.php\/schule\/kooperationen\/jazzkooperative\/#primaryimage","url":"https:\/\/goethe-gymnasium.berlin\/wp-content\/uploads\/2018\/11\/goethe_jazz.jpg","contentUrl":"https:\/\/goethe-gymnasium.berlin\/wp-content\/uploads\/2018\/11\/goethe_jazz.jpg","width":1239,"height":1097,"caption":"Jazziger Goethe"},{"@type":"BreadcrumbList","@id":"https:\/\/goethe-gymnasium.berlin\/index.php\/schule\/kooperationen\/jazzkooperative\/#breadcrumb","itemListElement":[{"@type":"ListItem","position":1,"name":"Startseite","item":"https:\/\/goethe-gymnasium.berlin\/"},{"@type":"ListItem","position":2,"name":"Schule","item":"https:\/\/goethe-gymnasium.berlin\/index.php\/schule\/"},{"@type":"ListItem","position":3,"name":"Kooperationen","item":"https:\/\/goethe-gymnasium.berlin\/index.php\/schule\/kooperationen\/"},{"@type":"ListItem","position":4,"name":"Jazzkooperative"}]},{"@type":"WebSite","@id":"https:\/\/goethe-gymnasium.berlin\/#website","url":"https:\/\/goethe-gymnasium.berlin\/","name":"Goethe-Gymnasium Berlin-Wilmersdorf","description":"","publisher":{"@id":"https:\/\/goethe-gymnasium.berlin\/#organization"},"potentialAction":[{"@type":"SearchAction","target":{"@type":"EntryPoint","urlTemplate":"https:\/\/goethe-gymnasium.berlin\/?s={search_term_string}"},"query-input":{"@type":"PropertyValueSpecification","valueRequired":true,"valueName":"search_term_string"}}],"inLanguage":"de"},{"@type":"Organization","@id":"https:\/\/goethe-gymnasium.berlin\/#organization","name":"Goethe-Gymnasium Berlin-Wilmersdorf","url":"https:\/\/goethe-gymnasium.berlin\/","logo":{"@type":"ImageObject","inLanguage":"de","@id":"https:\/\/goethe-gymnasium.berlin\/#\/schema\/logo\/image\/","url":"https:\/\/goethe-gymnasium.berlin\/wp-content\/uploads\/2018\/04\/goethe-logo_hoch.png","contentUrl":"https:\/\/goethe-gymnasium.berlin\/wp-content\/uploads\/2018\/04\/goethe-logo_hoch.png","width":755,"height":514,"caption":"Goethe-Gymnasium Berlin-Wilmersdorf"},"image":{"@id":"https:\/\/goethe-gymnasium.berlin\/#\/schema\/logo\/image\/"},"sameAs":["https:\/\/www.facebook.com\/pages\/Goethe-Gymnasium\/109376575754402","https:\/\/www.youtube.com\/channel\/UCMKuMVF9h_YkS3zmEp7SnzQ"]}]}},"_links":{"self":[{"href":"https:\/\/goethe-gymnasium.berlin\/index.php\/wp-json\/wp\/v2\/pages\/38","targetHints":{"allow":["GET"]}}],"collection":[{"href":"https:\/\/goethe-gymnasium.berlin\/index.php\/wp-json\/wp\/v2\/pages"}],"about":[{"href":"https:\/\/goethe-gymnasium.berlin\/index.php\/wp-json\/wp\/v2\/types\/page"}],"author":[{"embeddable":true,"href":"https:\/\/goethe-gymnasium.berlin\/index.php\/wp-json\/wp\/v2\/users\/1"}],"replies":[{"embeddable":true,"href":"https:\/\/goethe-gymnasium.berlin\/index.php\/wp-json\/wp\/v2\/comments?post=38"}],"version-history":[{"count":14,"href":"https:\/\/goethe-gymnasium.berlin\/index.php\/wp-json\/wp\/v2\/pages\/38\/revisions"}],"predecessor-version":[{"id":4865,"href":"https:\/\/goethe-gymnasium.berlin\/index.php\/wp-json\/wp\/v2\/pages\/38\/revisions\/4865"}],"up":[{"embeddable":true,"href":"https:\/\/goethe-gymnasium.berlin\/index.php\/wp-json\/wp\/v2\/pages\/36"}],"wp:featuredmedia":[{"embeddable":true,"href":"https:\/\/goethe-gymnasium.berlin\/index.php\/wp-json\/wp\/v2\/media\/2474"}],"wp:attachment":[{"href":"https:\/\/goethe-gymnasium.berlin\/index.php\/wp-json\/wp\/v2\/media?parent=38"}],"wp:term":[{"taxonomy":"category","embeddable":true,"href":"https:\/\/goethe-gymnasium.berlin\/index.php\/wp-json\/wp\/v2\/categories?post=38"},{"taxonomy":"post_tag","embeddable":true,"href":"https:\/\/goethe-gymnasium.berlin\/index.php\/wp-json\/wp\/v2\/tags?post=38"}],"curies":[{"name":"wp","href":"https:\/\/api.w.org\/{rel}","templated":true}]}}