{"id":336,"date":"2018-09-22T19:34:25","date_gmt":"2018-09-22T17:34:25","guid":{"rendered":"http:\/\/goethe-gymnasium.berlin\/?page_id=336"},"modified":"2026-02-09T20:03:20","modified_gmt":"2026-02-09T19:03:20","slug":"sv","status":"publish","type":"page","link":"https:\/\/goethe-gymnasium.berlin\/index.php\/schuelerschaft\/sv\/","title":{"rendered":"Sch\u00fclervertretung (SV)"},"content":{"rendered":"\n<h4 class=\"wp-block-heading\">Wir f\u00fcr euch! Die SV f\u00fcr das Schuljahr 2025\/26<\/h4>\n\n\n\n<p>Ein herzliches Willkommen auf der SV-Seite des Goethe-Gymnasiums.<\/p>\n\n\n\n<p>Wir sind Julia (Q1), Caro (Q1), Malia (Q1), Jimi (Q1) und Charlotte (9d). Zusammen mit Sude (10d), unserer Sch\u00fclersprecherin, bilden wir gemeinsam das diesj\u00e4hrige Sch\u00fclersprecher*innenteam.<\/p>\n\n\n\n<p>Als Sch\u00fclersprecher sind wir daf\u00fcr verantwortlich, die Interessen aller Sch\u00fcler und Sch\u00fclerinnen zu vertreten und, so gut es geht, durchzusetzen.<\/p>\n\n\n\n<p>Hierf\u00fcr kommen wir als Gesamtsch\u00fclervertretung etwa einmal im Monat zu Sitzungen zusammen und nehmen an weiteren Gremien wie der Schulkonferenz oder den Fachkonferenzen teil<\/p>\n\n\n\n<h4 class=\"wp-block-heading\">Themen der SV im Schuljahr 2025\/26<\/h4>\n\n\n\n<p>Zu unserem Ziel der Verbesserung des Goethe-Gymnasiums geh\u00f6rt u. a. das Organisieren von mehr Events an unserer Schule, wie zum Beispiel das Fest der Farben der Kulturen, welches in der GSV entstanden ist, und das Organisieren von Spendenaktionen. <\/p>\n\n\n\n<p>Au\u00dferdem planen wir R\u00fcckzugsm\u00f6glichkeiten f\u00fcr die Oberstufe zu schaffen, um den Sch\u00fclern mehr privaten Raum zu bieten, in dem sich alle zusammenfinden k\u00f6nnen.<\/p>\n\n\n\n<p>Ein weiteres Ziel ist es Hygieneartikel f\u00fcr alle Sch\u00fcler in unseren Schultoiletten anzuschaffen, was wir bis jetzt in bereits drei von vier Schultoiletten erfolgreich durchgesetzt haben.<\/p>\n\n\n\n<p>Ein weiteres Anliegen ist, ein Jahrbuch f\u00fcr das Schuljahr 2025\/26 zu erstellen, um die tollen Erinnerungen aus dem Schuljahr festzuhalten.&nbsp;<br><br>Nat\u00fcrlich sind wir jederzeit f\u00fcr W\u00fcnsche der Sch\u00fclerschaft offen, da es unser Ziel ist, die Schule zu einem besseren Ort f\u00fcr alle zu machen. Jeder soll sich wohlf\u00fchlen. Jede Meinung und jeder Wunsch interessiert uns.&nbsp;<br><br>Vor einigen Wochen wurde mit der GSV eine ,,SV-Fahrt\u2018\u2018 unternommen, bei der sich die Klassensprecher*innen der verschiedenen Klassen und die Mitglieder des SV-Teams besser kennengelernt haben. Auf dieser Fahrt konnten<strong> <\/strong>wir einige Tipps von professionellen SV-P\u00e4dagog*innen f\u00fcr das Umsetzen eigener Projekte mitnehmen. Auf der Fahrt sind verschiedene Projektideen entstanden, welche von den jeweiligen Projektgruppen das ganze Jahr \u00fcber weiter verfolgt werden.<br><br>Wir freuen uns sehr \u00fcber diese M\u00f6glichkeit, unsere Schule vertreten zu k\u00f6nnen und sind immer offen f\u00fcr neue Ideen und Verbesserungsvorschl\u00e4ge. Daf\u00fcr k\u00f6nnt ihr uns sowohl im SV-Lernraum erreichen, als auch einen Zettel in den SV-Kasten im Foyer zu werfen. Nat\u00fcrlich k\u00f6nnt ihr uns auch einfach direkt in der Schule ansprechen oder uns eine Mail schicken:<br><a href=\"mailto:sv-team-25-26@goethe-gymnasium.berlin\">sv-team-25-26@goethe-gymnasium.berlin<\/a><\/p>\n\n\n\n<!--nextpage-->\n\n\n\n<h4 class=\"wp-block-heading\">Die SV in den Gremien<\/h4>\n\n\n\n<p>Ein spannender Podcast, der auf dem <a href=\"https:\/\/goethe-gymnasium.berlin\/index.php\/2021\/10\/04\/wannseeforum-2021\/\">WannseeFORUM 2021<\/a> entstanden ist, informiert \u00fcber die M\u00f6glichkeiten, sich in den verschiedenen Schulgremien zu beteiligen:<\/p>\n\n\n\n<figure class=\"wp-block-audio\"><audio controls src=\"https:\/\/goethe-gymnasium.berlin\/wp-content\/uploads\/2021\/10\/Podcast_Gremien.mp3\"><\/audio><figcaption class=\"wp-element-caption\"><em>Podcast_Gremien (WannseeFORUM 2021)<\/em><\/figcaption><\/figure>\n\n\n\n<h4 class=\"wp-block-heading\">Die GSV (Gesamtsch\u00fclervertretung)<\/h4>\n\n\n\n<p>Die GSV tagt regelm\u00e4\u00dfig. Dazu laden die Sch\u00fclersprecher*innen die Klassensprecher*innen, Elternvertreter*innen, Lehrervertreter*innen und Vertrauenslehrkr\u00e4fte der Schule ein. Bei dieser Versammlung wird all das besprochen, was derzeit aktuell oder von Notwendigkeit ist.<\/p>\n\n\n\n<h4 class=\"wp-block-heading\">Die ESV (Erweiterte Sch\u00fclervertretung) = &#8222;SV f\u00fcr alle&#8220;<\/h4>\n\n\n\n<p>An der ESV k\u00f6nnen alle teilnehmen, die nicht Klassensprecher*in sind, aber trotzdem an der SV-Arbeit interessiert sind.<\/p>\n\n\n\n<h4 class=\"wp-block-heading\">Vertrauenslehrer*innen<\/h4>\n\n\n\n<p>Nun sind auch die Vertrauenslehrkr\u00e4fte f\u00fcr dieses Schuljahr gew\u00e4hlt: Es sind Herr Beckmann, Frau M\u00fcther und Frau Bruning.<\/p>\n\n\n\n<!--nextpage-->\n\n\n\n<h4 class=\"wp-block-heading\">SV-Projekte der letzten Schuljahre<\/h4>\n\n\n\n<ul class=\"wp-block-list\">\n<li><a href=\"https:\/\/goethe-gymnasium.berlin\/index.php\/2022\/04\/26\/neues-zur-ukraine-hilfe\/\" target=\"_blank\" rel=\"noreferrer noopener\">Ukraine-Hilfe<\/a><\/li>\n\n\n\n<li><a href=\"https:\/\/goethe-gymnasium.berlin\/index.php\/2022\/03\/08\/stellungnahme-der-schuelervertretung-zum-krieg-in-der-ukraine\/\" target=\"_blank\" rel=\"noreferrer noopener\">Stellungnahme der Sch\u00fclerschaft zum Krieg in der Ukraine<\/a><\/li>\n\n\n\n<li><a href=\"https:\/\/goethe-gymnasium.berlin\/index.php\/2021\/12\/23\/spendenaktion-fuer-den-umweltschutz\/\" target=\"_blank\" rel=\"noreferrer noopener\">Spendenaktion f\u00fcr das Projekt #TeamSeas<\/a><\/li>\n\n\n\n<li><a href=\"https:\/\/goethe-gymnasium.berlin\/index.php\/2020\/10\/01\/leckereien-aus-goethes-garten\/\" target=\"_blank\" rel=\"noreferrer noopener\">Garten-AG<\/a><\/li>\n\n\n\n<li>Winterball<\/li>\n\n\n\n<li>Jahrbuch<\/li>\n<\/ul>\n\n\n\n<h4 class=\"wp-block-heading\">Projektideen<\/h4>\n\n\n\n<ul class=\"wp-block-list\">\n<li>AGs sichtbarer machen und neue AGs gr\u00fcnden<\/li>\n\n\n\n<li>gemeinn\u00fctzige Aktionen<\/li>\n\n\n\n<li>neue Events (z. B. Halloweenball)<\/li>\n\n\n\n<li>Versch\u00f6nerung der Blauen Lagune<\/li>\n\n\n\n<li><a href=\"https:\/\/goethe-gymnasium.berlin\/index.php\/2025\/02\/02\/u18-bundestagswahl-am-goethe\/\" target=\"_blank\" rel=\"noreferrer noopener\">Wahlen f\u00fcr Sch\u00fcler:innen unter 18 Jahren<\/a><\/li>\n<\/ul>\n\n\n<div class=\"wp-block-image is-style-rounded\">\n<figure class=\"aligncenter size-large is-resized\"><a href=\"https:\/\/goethe-gymnasium.berlin\/wp-content\/uploads\/2024\/12\/Halloweenball.jpeg\" target=\"_blank\" rel=\" noreferrer noopener\"><img loading=\"lazy\" decoding=\"async\" width=\"768\" height=\"1024\" src=\"https:\/\/goethe-gymnasium.berlin\/wp-content\/uploads\/2024\/12\/Halloweenball-768x1024.jpeg\" alt=\"\" class=\"wp-image-12641\" style=\"width:500px\" srcset=\"https:\/\/goethe-gymnasium.berlin\/wp-content\/uploads\/2024\/12\/Halloweenball-768x1024.jpeg 768w, https:\/\/goethe-gymnasium.berlin\/wp-content\/uploads\/2024\/12\/Halloweenball-225x300.jpeg 225w, https:\/\/goethe-gymnasium.berlin\/wp-content\/uploads\/2024\/12\/Halloweenball-1152x1536.jpeg 1152w, https:\/\/goethe-gymnasium.berlin\/wp-content\/uploads\/2024\/12\/Halloweenball-94x125.jpeg 94w, https:\/\/goethe-gymnasium.berlin\/wp-content\/uploads\/2024\/12\/Halloweenball-150x200.jpeg 150w, https:\/\/goethe-gymnasium.berlin\/wp-content\/uploads\/2024\/12\/Halloweenball-60x80.jpeg 60w, https:\/\/goethe-gymnasium.berlin\/wp-content\/uploads\/2024\/12\/Halloweenball-576x768.jpeg 576w, https:\/\/goethe-gymnasium.berlin\/wp-content\/uploads\/2024\/12\/Halloweenball.jpeg 1536w\" sizes=\"auto, (max-width: 768px) 100vw, 768px\" \/><\/a><figcaption class=\"wp-element-caption\"><center><em>Halloweenball &#8211; Oktober 2024<\/em><\/center><\/figcaption><\/figure>\n<\/div>\n\n\n<p class=\"has-text-align-right\"><em>Text: SV-Team (Schuljahr 2024\/25)<br>Podcast: Teilnehmer*innen am WannseeFORUM 2021 (Schuljahr 2021\/22)<\/em><\/p>\n","protected":false},"excerpt":{"rendered":"<p>Wir f\u00fcr euch! Die SV f\u00fcr das Schuljahr 2025\/26 Ein herzliches Willkommen auf der SV-Seite des Goethe-Gymnasiums. Wir sind Julia <a class=\"more-link\" href=\"https:\/\/goethe-gymnasium.berlin\/index.php\/schuelerschaft\/sv\/\">Weiterlesen &#8230;<\/a><\/p>\n","protected":false},"author":4,"featured_media":0,"parent":219,"menu_order":0,"comment_status":"closed","ping_status":"closed","template":"","meta":{"footnotes":""},"categories":[35],"tags":[383,382,384,187,385],"class_list":["post-336","page","type-page","status-publish","hentry","category-schuelerschaft","tag-gesamtschuelervertretung","tag-gsv","tag-schuelersprecher","tag-schuelervertretung","tag-sv"],"yoast_head":"<!-- This site is optimized with the Yoast SEO plugin v27.3 - https:\/\/yoast.com\/product\/yoast-seo-wordpress\/ -->\n<title>Sch\u00fclervertretung (SV) - Goethe-Gymnasium Berlin-Wilmersdorf<\/title>\n<meta name=\"robots\" content=\"index, follow, max-snippet:-1, max-image-preview:large, max-video-preview:-1\" \/>\n<link rel=\"canonical\" href=\"https:\/\/goethe-gymnasium.berlin\/index.php\/schuelerschaft\/sv\/\" \/>\n<link rel=\"next\" href=\"https:\/\/goethe-gymnasium.berlin\/index.php\/schuelerschaft\/sv\/2\/\" \/>\n<meta property=\"og:locale\" content=\"de_DE\" \/>\n<meta property=\"og:type\" content=\"article\" \/>\n<meta property=\"og:title\" content=\"Sch\u00fclervertretung (SV) - Goethe-Gymnasium Berlin-Wilmersdorf\" \/>\n<meta property=\"og:description\" content=\"Wir f\u00fcr euch! Die SV f\u00fcr das Schuljahr 2025\/26 Ein herzliches Willkommen auf der SV-Seite des Goethe-Gymnasiums. Wir sind Julia Weiterlesen ...\" \/>\n<meta property=\"og:url\" content=\"https:\/\/goethe-gymnasium.berlin\/index.php\/schuelerschaft\/sv\/\" \/>\n<meta property=\"og:site_name\" content=\"Goethe-Gymnasium Berlin-Wilmersdorf\" \/>\n<meta property=\"article:publisher\" content=\"https:\/\/www.facebook.com\/pages\/Goethe-Gymnasium\/109376575754402\" \/>\n<meta property=\"article:modified_time\" content=\"2026-02-09T19:03:20+00:00\" \/>\n<meta property=\"og:image\" content=\"https:\/\/goethe-gymnasium.berlin\/wp-content\/uploads\/2024\/12\/Halloweenball.jpeg\" \/>\n\t<meta property=\"og:image:width\" content=\"1536\" \/>\n\t<meta property=\"og:image:height\" content=\"2048\" \/>\n\t<meta property=\"og:image:type\" content=\"image\/jpeg\" \/>\n<meta name=\"twitter:card\" content=\"summary_large_image\" \/>\n<meta name=\"twitter:label1\" content=\"Gesch\u00e4tzte Lesezeit\" \/>\n\t<meta name=\"twitter:data1\" content=\"4\u00a0Minuten\" \/>\n<script type=\"application\/ld+json\" class=\"yoast-schema-graph\">{\"@context\":\"https:\\\/\\\/schema.org\",\"@graph\":[{\"@type\":\"WebPage\",\"@id\":\"https:\\\/\\\/goethe-gymnasium.berlin\\\/index.php\\\/schuelerschaft\\\/sv\\\/\",\"url\":\"https:\\\/\\\/goethe-gymnasium.berlin\\\/index.php\\\/schuelerschaft\\\/sv\\\/\",\"name\":\"Sch\u00fclervertretung (SV) - Goethe-Gymnasium Berlin-Wilmersdorf\",\"isPartOf\":{\"@id\":\"https:\\\/\\\/goethe-gymnasium.berlin\\\/#website\"},\"primaryImageOfPage\":{\"@id\":\"https:\\\/\\\/goethe-gymnasium.berlin\\\/index.php\\\/schuelerschaft\\\/sv\\\/#primaryimage\"},\"image\":{\"@id\":\"https:\\\/\\\/goethe-gymnasium.berlin\\\/index.php\\\/schuelerschaft\\\/sv\\\/#primaryimage\"},\"thumbnailUrl\":\"https:\\\/\\\/goethe-gymnasium.berlin\\\/wp-content\\\/uploads\\\/2024\\\/12\\\/Halloweenball-768x1024.jpeg\",\"datePublished\":\"2018-09-22T17:34:25+00:00\",\"dateModified\":\"2026-02-09T19:03:20+00:00\",\"breadcrumb\":{\"@id\":\"https:\\\/\\\/goethe-gymnasium.berlin\\\/index.php\\\/schuelerschaft\\\/sv\\\/#breadcrumb\"},\"inLanguage\":\"de\",\"potentialAction\":[{\"@type\":\"ReadAction\",\"target\":[\"https:\\\/\\\/goethe-gymnasium.berlin\\\/index.php\\\/schuelerschaft\\\/sv\\\/\"]}]},{\"@type\":\"ImageObject\",\"inLanguage\":\"de\",\"@id\":\"https:\\\/\\\/goethe-gymnasium.berlin\\\/index.php\\\/schuelerschaft\\\/sv\\\/#primaryimage\",\"url\":\"https:\\\/\\\/goethe-gymnasium.berlin\\\/wp-content\\\/uploads\\\/2024\\\/12\\\/Halloweenball.jpeg\",\"contentUrl\":\"https:\\\/\\\/goethe-gymnasium.berlin\\\/wp-content\\\/uploads\\\/2024\\\/12\\\/Halloweenball.jpeg\",\"width\":1536,\"height\":2048},{\"@type\":\"BreadcrumbList\",\"@id\":\"https:\\\/\\\/goethe-gymnasium.berlin\\\/index.php\\\/schuelerschaft\\\/sv\\\/#breadcrumb\",\"itemListElement\":[{\"@type\":\"ListItem\",\"position\":1,\"name\":\"Startseite\",\"item\":\"https:\\\/\\\/goethe-gymnasium.berlin\\\/\"},{\"@type\":\"ListItem\",\"position\":2,\"name\":\"Sch\u00fclerschaft\"}]},{\"@type\":\"WebSite\",\"@id\":\"https:\\\/\\\/goethe-gymnasium.berlin\\\/#website\",\"url\":\"https:\\\/\\\/goethe-gymnasium.berlin\\\/\",\"name\":\"Goethe-Gymnasium Berlin-Wilmersdorf\",\"description\":\"\",\"publisher\":{\"@id\":\"https:\\\/\\\/goethe-gymnasium.berlin\\\/#organization\"},\"potentialAction\":[{\"@type\":\"SearchAction\",\"target\":{\"@type\":\"EntryPoint\",\"urlTemplate\":\"https:\\\/\\\/goethe-gymnasium.berlin\\\/?s={search_term_string}\"},\"query-input\":{\"@type\":\"PropertyValueSpecification\",\"valueRequired\":true,\"valueName\":\"search_term_string\"}}],\"inLanguage\":\"de\"},{\"@type\":\"Organization\",\"@id\":\"https:\\\/\\\/goethe-gymnasium.berlin\\\/#organization\",\"name\":\"Goethe-Gymnasium Berlin-Wilmersdorf\",\"url\":\"https:\\\/\\\/goethe-gymnasium.berlin\\\/\",\"logo\":{\"@type\":\"ImageObject\",\"inLanguage\":\"de\",\"@id\":\"https:\\\/\\\/goethe-gymnasium.berlin\\\/#\\\/schema\\\/logo\\\/image\\\/\",\"url\":\"https:\\\/\\\/goethe-gymnasium.berlin\\\/wp-content\\\/uploads\\\/2018\\\/04\\\/goethe-logo_hoch.png\",\"contentUrl\":\"https:\\\/\\\/goethe-gymnasium.berlin\\\/wp-content\\\/uploads\\\/2018\\\/04\\\/goethe-logo_hoch.png\",\"width\":755,\"height\":514,\"caption\":\"Goethe-Gymnasium Berlin-Wilmersdorf\"},\"image\":{\"@id\":\"https:\\\/\\\/goethe-gymnasium.berlin\\\/#\\\/schema\\\/logo\\\/image\\\/\"},\"sameAs\":[\"https:\\\/\\\/www.facebook.com\\\/pages\\\/Goethe-Gymnasium\\\/109376575754402\",\"https:\\\/\\\/www.youtube.com\\\/channel\\\/UCMKuMVF9h_YkS3zmEp7SnzQ\"]}]}<\/script>\n<!-- \/ Yoast SEO plugin. -->","yoast_head_json":{"title":"Sch\u00fclervertretung (SV) - Goethe-Gymnasium Berlin-Wilmersdorf","robots":{"index":"index","follow":"follow","max-snippet":"max-snippet:-1","max-image-preview":"max-image-preview:large","max-video-preview":"max-video-preview:-1"},"canonical":"https:\/\/goethe-gymnasium.berlin\/index.php\/schuelerschaft\/sv\/","next":"https:\/\/goethe-gymnasium.berlin\/index.php\/schuelerschaft\/sv\/2\/","og_locale":"de_DE","og_type":"article","og_title":"Sch\u00fclervertretung (SV) - Goethe-Gymnasium Berlin-Wilmersdorf","og_description":"Wir f\u00fcr euch! Die SV f\u00fcr das Schuljahr 2025\/26 Ein herzliches Willkommen auf der SV-Seite des Goethe-Gymnasiums. Wir sind Julia Weiterlesen ...","og_url":"https:\/\/goethe-gymnasium.berlin\/index.php\/schuelerschaft\/sv\/","og_site_name":"Goethe-Gymnasium Berlin-Wilmersdorf","article_publisher":"https:\/\/www.facebook.com\/pages\/Goethe-Gymnasium\/109376575754402","article_modified_time":"2026-02-09T19:03:20+00:00","og_image":[{"width":1536,"height":2048,"url":"https:\/\/goethe-gymnasium.berlin\/wp-content\/uploads\/2024\/12\/Halloweenball.jpeg","type":"image\/jpeg"}],"twitter_card":"summary_large_image","twitter_misc":{"Gesch\u00e4tzte Lesezeit":"4\u00a0Minuten"},"schema":{"@context":"https:\/\/schema.org","@graph":[{"@type":"WebPage","@id":"https:\/\/goethe-gymnasium.berlin\/index.php\/schuelerschaft\/sv\/","url":"https:\/\/goethe-gymnasium.berlin\/index.php\/schuelerschaft\/sv\/","name":"Sch\u00fclervertretung (SV) - Goethe-Gymnasium Berlin-Wilmersdorf","isPartOf":{"@id":"https:\/\/goethe-gymnasium.berlin\/#website"},"primaryImageOfPage":{"@id":"https:\/\/goethe-gymnasium.berlin\/index.php\/schuelerschaft\/sv\/#primaryimage"},"image":{"@id":"https:\/\/goethe-gymnasium.berlin\/index.php\/schuelerschaft\/sv\/#primaryimage"},"thumbnailUrl":"https:\/\/goethe-gymnasium.berlin\/wp-content\/uploads\/2024\/12\/Halloweenball-768x1024.jpeg","datePublished":"2018-09-22T17:34:25+00:00","dateModified":"2026-02-09T19:03:20+00:00","breadcrumb":{"@id":"https:\/\/goethe-gymnasium.berlin\/index.php\/schuelerschaft\/sv\/#breadcrumb"},"inLanguage":"de","potentialAction":[{"@type":"ReadAction","target":["https:\/\/goethe-gymnasium.berlin\/index.php\/schuelerschaft\/sv\/"]}]},{"@type":"ImageObject","inLanguage":"de","@id":"https:\/\/goethe-gymnasium.berlin\/index.php\/schuelerschaft\/sv\/#primaryimage","url":"https:\/\/goethe-gymnasium.berlin\/wp-content\/uploads\/2024\/12\/Halloweenball.jpeg","contentUrl":"https:\/\/goethe-gymnasium.berlin\/wp-content\/uploads\/2024\/12\/Halloweenball.jpeg","width":1536,"height":2048},{"@type":"BreadcrumbList","@id":"https:\/\/goethe-gymnasium.berlin\/index.php\/schuelerschaft\/sv\/#breadcrumb","itemListElement":[{"@type":"ListItem","position":1,"name":"Startseite","item":"https:\/\/goethe-gymnasium.berlin\/"},{"@type":"ListItem","position":2,"name":"Sch\u00fclerschaft"}]},{"@type":"WebSite","@id":"https:\/\/goethe-gymnasium.berlin\/#website","url":"https:\/\/goethe-gymnasium.berlin\/","name":"Goethe-Gymnasium Berlin-Wilmersdorf","description":"","publisher":{"@id":"https:\/\/goethe-gymnasium.berlin\/#organization"},"potentialAction":[{"@type":"SearchAction","target":{"@type":"EntryPoint","urlTemplate":"https:\/\/goethe-gymnasium.berlin\/?s={search_term_string}"},"query-input":{"@type":"PropertyValueSpecification","valueRequired":true,"valueName":"search_term_string"}}],"inLanguage":"de"},{"@type":"Organization","@id":"https:\/\/goethe-gymnasium.berlin\/#organization","name":"Goethe-Gymnasium Berlin-Wilmersdorf","url":"https:\/\/goethe-gymnasium.berlin\/","logo":{"@type":"ImageObject","inLanguage":"de","@id":"https:\/\/goethe-gymnasium.berlin\/#\/schema\/logo\/image\/","url":"https:\/\/goethe-gymnasium.berlin\/wp-content\/uploads\/2018\/04\/goethe-logo_hoch.png","contentUrl":"https:\/\/goethe-gymnasium.berlin\/wp-content\/uploads\/2018\/04\/goethe-logo_hoch.png","width":755,"height":514,"caption":"Goethe-Gymnasium Berlin-Wilmersdorf"},"image":{"@id":"https:\/\/goethe-gymnasium.berlin\/#\/schema\/logo\/image\/"},"sameAs":["https:\/\/www.facebook.com\/pages\/Goethe-Gymnasium\/109376575754402","https:\/\/www.youtube.com\/channel\/UCMKuMVF9h_YkS3zmEp7SnzQ"]}]}},"_links":{"self":[{"href":"https:\/\/goethe-gymnasium.berlin\/index.php\/wp-json\/wp\/v2\/pages\/336","targetHints":{"allow":["GET"]}}],"collection":[{"href":"https:\/\/goethe-gymnasium.berlin\/index.php\/wp-json\/wp\/v2\/pages"}],"about":[{"href":"https:\/\/goethe-gymnasium.berlin\/index.php\/wp-json\/wp\/v2\/types\/page"}],"author":[{"embeddable":true,"href":"https:\/\/goethe-gymnasium.berlin\/index.php\/wp-json\/wp\/v2\/users\/4"}],"replies":[{"embeddable":true,"href":"https:\/\/goethe-gymnasium.berlin\/index.php\/wp-json\/wp\/v2\/comments?post=336"}],"version-history":[{"count":30,"href":"https:\/\/goethe-gymnasium.berlin\/index.php\/wp-json\/wp\/v2\/pages\/336\/revisions"}],"predecessor-version":[{"id":13947,"href":"https:\/\/goethe-gymnasium.berlin\/index.php\/wp-json\/wp\/v2\/pages\/336\/revisions\/13947"}],"up":[{"embeddable":true,"href":"https:\/\/goethe-gymnasium.berlin\/index.php\/wp-json\/wp\/v2\/pages\/219"}],"wp:attachment":[{"href":"https:\/\/goethe-gymnasium.berlin\/index.php\/wp-json\/wp\/v2\/media?parent=336"}],"wp:term":[{"taxonomy":"category","embeddable":true,"href":"https:\/\/goethe-gymnasium.berlin\/index.php\/wp-json\/wp\/v2\/categories?post=336"},{"taxonomy":"post_tag","embeddable":true,"href":"https:\/\/goethe-gymnasium.berlin\/index.php\/wp-json\/wp\/v2\/tags?post=336"}],"curies":[{"name":"wp","href":"https:\/\/api.w.org\/{rel}","templated":true}]}}