{"id":177,"date":"2018-04-24T19:06:40","date_gmt":"2018-04-24T19:06:40","guid":{"rendered":"http:\/\/goethe-gymnasium.berlin\/?page_id=177"},"modified":"2022-08-15T22:12:13","modified_gmt":"2022-08-15T20:12:13","slug":"musik","status":"publish","type":"page","link":"https:\/\/goethe-gymnasium.berlin\/index.php\/musische-faecher\/musik\/","title":{"rendered":"Musik"},"content":{"rendered":"\n<p>Der Musikunterricht am Goethe-Gymnasium ist inhaltlich der altsprachlichen Orientierung und somit vor allem der abendl\u00e4ndischen Kulturtradition verpflichtet: Die europ\u00e4ische Kunstmusik zeigt bis in die moderne Musik des 20. und 21. Jahrhunderts R\u00fcckbez\u00fcge auf diese Vergangenheit.<\/p>\n\n\n\n<p>In den Klassen 5 bis 8 findet der Musikunterricht jeweils zweist\u00fcndig, in den Klassen 9 und 10 epochal und in der Oberstufe als Grundkurs dreist\u00fcndig statt. Musik kann als drittes, viertes oder f\u00fcnftes Abiturfach gew\u00e4hlt werden.<\/p>\n\n\n\n<p>Seit dem Schuljahr 2021\/22 gibt es eine <strong><a href=\"https:\/\/goethe-gymnasium.berlin\/wp-content\/uploads\/2022\/01\/Chorklasse-2022_c.pdf\" target=\"_blank\" rel=\"noreferrer noopener\">Chorklasse<\/a><\/strong> zur Vertiefung und Abrundung des musikalischen Angebots eingerichtet.<\/p>\n\n\n\n<p>Zur fundierten Auseinandersetzung mit der Musik, aber auch zum Musizieren in der Klassengemeinschaft ist die Beherrschung der <strong>Notenschrift<\/strong> unerl\u00e4sslich; diese wird in Klasse 5 und 6 vermittelt. Ab Klasse 7 beginnt die Einf\u00fchrung in <strong>Musiktheorie<\/strong> und <strong>Musikgeschichte<\/strong>. Die erworbenen Kenntnisse sind Grundlage f\u00fcr den Musikunterricht der Oberstufe, wenn es weiterf\u00fchrend um <strong>Analyse, Interpretation und Betrachtung<\/strong> der Musik im gesellschaftlichen Kontext, im Wandel der Zeit, in verschiedenen Kulturen und Ausdrucksformen und um Musik als gestaltete Ordnung geht.<\/p>\n\n\n\n<p>Nach M\u00f6glichkeit und Interesse werden gemeinsam <strong>Konzerte und Opernauff\u00fchrungen<\/strong> besucht und es gibt auch regelm\u00e4\u00dfig Generalprobenbesuche bei den Berliner Philharmonikern.<\/p>\n\n\n\n<p>W\u00fcnschenswert ist die praktische musikalische Bet\u00e4tigung, im Unterricht kann beim<strong> Klassenmusizieren<\/strong> auf das Orff-Instrumentarium zur\u00fcckgegriffen werden.<\/p>\n\n\n\n<p>Die <a href=\"https:\/\/www.goethe-jazz.de\/\" target=\"_blank\" rel=\"noopener noreferrer\"><strong>Jazz-AG <\/strong><\/a>im Rahmen der <a href=\"http:\/\/www.jazzkooperative.de\/\" target=\"_blank\" rel=\"noopener noreferrer\">Jazzkooperative Berlin<\/a> bietet mit der Bl\u00e4serschule die M\u00f6glichkeit, Instrumente zu erlernen, um in den schul\u00fcbergreifenden Jazzformationen (JJB \u2013 JuniorJazzband; Combo; UBB \u2013 United Bigband) erfolgreich mitmusizieren zu k\u00f6nnen. Wie die Jazzkooperative liegen auch die AGs f\u00fcr das <strong><a href=\"https:\/\/goethe-gymnasium.berlin\/index.php\/musische-faecher\/musik\/orchesterakademie\/\" target=\"_blank\" rel=\"noreferrer noopener\">Orchester<\/a><\/strong> und den <strong><a href=\"https:\/\/goethe-gymnasium.berlin\/index.php\/musische-faecher\/musik\/chormusik-am-goethe-gymnasium\/\" target=\"_blank\" rel=\"noreferrer noopener\">Chor<\/a><\/strong> au\u00dferhalb des Unterrichts. Die Ergebnisse des dort erarbeiteten Repertoires von Klassik bis Pop werden halbj\u00e4hrlich im Sommer- und Weihnachtskonzert in der Aula des Goethe-Gymnasiums vorgestellt, die auch der Ort f\u00fcr die kammermusikalischen Konzerte unserer Sch\u00fcler ist.<\/p>\n\n\n\n<p>Hier finden Sie die aktuellen <a href=\"http:\/\/goethe-gymnasium.berlin\/wp-content\/uploads\/2019\/07\/SchiC-5-10_Musik.pdf\" target=\"_blank\" rel=\"noopener noreferrer\">schulinternen Curricula Musik<\/a> f\u00fcr die Klassenstufen 5-10 (Stand 2018).<\/p>\n\n\n\n<p>Wenn Sie einige Kostproben unserer musikalischen Arbeit erleben m\u00f6chten, besuchen sie bitte unsere <a href=\"https:\/\/goethe-gymnasium.berlin\/index.php\/veranstaltungen\/konzerte\/\" target=\"_blank\" rel=\"noreferrer noopener\">Konzertseite<\/a>.<\/p>\n\n\n\n<p class=\"has-text-align-right\"><em>Text: Fachbereich Musik (Schuljahr 2021\/22)<\/em><br><em>Foto: Dr. Weber (Schuljahr 2013\/14)<\/em><\/p>\n\n\n\n<p><\/p>\n","protected":false},"excerpt":{"rendered":"<p>Der Musikunterricht am Goethe-Gymnasium ist inhaltlich der altsprachlichen Orientierung und somit vor allem der abendl\u00e4ndischen Kulturtradition verpflichtet: Die europ\u00e4ische Kunstmusik <a class=\"more-link\" href=\"https:\/\/goethe-gymnasium.berlin\/index.php\/musische-faecher\/musik\/\">Weiterlesen &#8230;<\/a><\/p>\n","protected":false},"author":1,"featured_media":1257,"parent":171,"menu_order":0,"comment_status":"closed","ping_status":"closed","template":"","meta":{"footnotes":""},"categories":[15],"tags":[60],"class_list":["post-177","page","type-page","status-publish","has-post-thumbnail","hentry","category-musik","tag-informationen"],"yoast_head":"<!-- This site is optimized with the Yoast SEO plugin v27.3 - https:\/\/yoast.com\/product\/yoast-seo-wordpress\/ -->\n<title>Musik - Goethe-Gymnasium Berlin-Wilmersdorf<\/title>\n<meta name=\"description\" content=\"Fach Musik - allgemeine Information\" \/>\n<meta name=\"robots\" content=\"index, follow, max-snippet:-1, max-image-preview:large, max-video-preview:-1\" \/>\n<link rel=\"canonical\" href=\"https:\/\/goethe-gymnasium.berlin\/index.php\/musische-faecher\/musik\/\" \/>\n<meta property=\"og:locale\" content=\"de_DE\" \/>\n<meta property=\"og:type\" content=\"article\" \/>\n<meta property=\"og:title\" content=\"Musik - Goethe-Gymnasium Berlin-Wilmersdorf\" \/>\n<meta property=\"og:description\" content=\"Fach Musik - allgemeine Information\" \/>\n<meta property=\"og:url\" content=\"https:\/\/goethe-gymnasium.berlin\/index.php\/musische-faecher\/musik\/\" \/>\n<meta property=\"og:site_name\" content=\"Goethe-Gymnasium Berlin-Wilmersdorf\" \/>\n<meta property=\"article:publisher\" content=\"https:\/\/www.facebook.com\/pages\/Goethe-Gymnasium\/109376575754402\" \/>\n<meta property=\"article:modified_time\" content=\"2022-08-15T20:12:13+00:00\" \/>\n<meta property=\"og:image\" content=\"https:\/\/goethe-gymnasium.berlin\/wp-content\/uploads\/2018\/08\/gerhardt2013-04.jpg\" \/>\n\t<meta property=\"og:image:width\" content=\"1936\" \/>\n\t<meta property=\"og:image:height\" content=\"1296\" \/>\n\t<meta property=\"og:image:type\" content=\"image\/jpeg\" \/>\n<meta name=\"twitter:card\" content=\"summary_large_image\" \/>\n<meta name=\"twitter:label1\" content=\"Gesch\u00e4tzte Lesezeit\" \/>\n\t<meta name=\"twitter:data1\" content=\"2\u00a0Minuten\" \/>\n<script type=\"application\/ld+json\" class=\"yoast-schema-graph\">{\"@context\":\"https:\\\/\\\/schema.org\",\"@graph\":[{\"@type\":\"WebPage\",\"@id\":\"https:\\\/\\\/goethe-gymnasium.berlin\\\/index.php\\\/musische-faecher\\\/musik\\\/\",\"url\":\"https:\\\/\\\/goethe-gymnasium.berlin\\\/index.php\\\/musische-faecher\\\/musik\\\/\",\"name\":\"Musik - Goethe-Gymnasium Berlin-Wilmersdorf\",\"isPartOf\":{\"@id\":\"https:\\\/\\\/goethe-gymnasium.berlin\\\/#website\"},\"primaryImageOfPage\":{\"@id\":\"https:\\\/\\\/goethe-gymnasium.berlin\\\/index.php\\\/musische-faecher\\\/musik\\\/#primaryimage\"},\"image\":{\"@id\":\"https:\\\/\\\/goethe-gymnasium.berlin\\\/index.php\\\/musische-faecher\\\/musik\\\/#primaryimage\"},\"thumbnailUrl\":\"https:\\\/\\\/goethe-gymnasium.berlin\\\/wp-content\\\/uploads\\\/2018\\\/08\\\/gerhardt2013-04.jpg\",\"datePublished\":\"2018-04-24T19:06:40+00:00\",\"dateModified\":\"2022-08-15T20:12:13+00:00\",\"description\":\"Fach Musik - allgemeine Information\",\"breadcrumb\":{\"@id\":\"https:\\\/\\\/goethe-gymnasium.berlin\\\/index.php\\\/musische-faecher\\\/musik\\\/#breadcrumb\"},\"inLanguage\":\"de\",\"potentialAction\":[{\"@type\":\"ReadAction\",\"target\":[\"https:\\\/\\\/goethe-gymnasium.berlin\\\/index.php\\\/musische-faecher\\\/musik\\\/\"]}]},{\"@type\":\"ImageObject\",\"inLanguage\":\"de\",\"@id\":\"https:\\\/\\\/goethe-gymnasium.berlin\\\/index.php\\\/musische-faecher\\\/musik\\\/#primaryimage\",\"url\":\"https:\\\/\\\/goethe-gymnasium.berlin\\\/wp-content\\\/uploads\\\/2018\\\/08\\\/gerhardt2013-04.jpg\",\"contentUrl\":\"https:\\\/\\\/goethe-gymnasium.berlin\\\/wp-content\\\/uploads\\\/2018\\\/08\\\/gerhardt2013-04.jpg\",\"width\":1936,\"height\":1296,\"caption\":\"Fachbereich Musik\"},{\"@type\":\"BreadcrumbList\",\"@id\":\"https:\\\/\\\/goethe-gymnasium.berlin\\\/index.php\\\/musische-faecher\\\/musik\\\/#breadcrumb\",\"itemListElement\":[{\"@type\":\"ListItem\",\"position\":1,\"name\":\"Startseite\",\"item\":\"https:\\\/\\\/goethe-gymnasium.berlin\\\/\"},{\"@type\":\"ListItem\",\"position\":2,\"name\":\"Musische F\u00e4cher\",\"item\":\"https:\\\/\\\/goethe-gymnasium.berlin\\\/index.php\\\/musische-faecher\\\/\"},{\"@type\":\"ListItem\",\"position\":3,\"name\":\"Musik\"}]},{\"@type\":\"WebSite\",\"@id\":\"https:\\\/\\\/goethe-gymnasium.berlin\\\/#website\",\"url\":\"https:\\\/\\\/goethe-gymnasium.berlin\\\/\",\"name\":\"Goethe-Gymnasium Berlin-Wilmersdorf\",\"description\":\"\",\"publisher\":{\"@id\":\"https:\\\/\\\/goethe-gymnasium.berlin\\\/#organization\"},\"potentialAction\":[{\"@type\":\"SearchAction\",\"target\":{\"@type\":\"EntryPoint\",\"urlTemplate\":\"https:\\\/\\\/goethe-gymnasium.berlin\\\/?s={search_term_string}\"},\"query-input\":{\"@type\":\"PropertyValueSpecification\",\"valueRequired\":true,\"valueName\":\"search_term_string\"}}],\"inLanguage\":\"de\"},{\"@type\":\"Organization\",\"@id\":\"https:\\\/\\\/goethe-gymnasium.berlin\\\/#organization\",\"name\":\"Goethe-Gymnasium Berlin-Wilmersdorf\",\"url\":\"https:\\\/\\\/goethe-gymnasium.berlin\\\/\",\"logo\":{\"@type\":\"ImageObject\",\"inLanguage\":\"de\",\"@id\":\"https:\\\/\\\/goethe-gymnasium.berlin\\\/#\\\/schema\\\/logo\\\/image\\\/\",\"url\":\"https:\\\/\\\/goethe-gymnasium.berlin\\\/wp-content\\\/uploads\\\/2018\\\/04\\\/goethe-logo_hoch.png\",\"contentUrl\":\"https:\\\/\\\/goethe-gymnasium.berlin\\\/wp-content\\\/uploads\\\/2018\\\/04\\\/goethe-logo_hoch.png\",\"width\":755,\"height\":514,\"caption\":\"Goethe-Gymnasium Berlin-Wilmersdorf\"},\"image\":{\"@id\":\"https:\\\/\\\/goethe-gymnasium.berlin\\\/#\\\/schema\\\/logo\\\/image\\\/\"},\"sameAs\":[\"https:\\\/\\\/www.facebook.com\\\/pages\\\/Goethe-Gymnasium\\\/109376575754402\",\"https:\\\/\\\/www.youtube.com\\\/channel\\\/UCMKuMVF9h_YkS3zmEp7SnzQ\"]}]}<\/script>\n<!-- \/ Yoast SEO plugin. -->","yoast_head_json":{"title":"Musik - Goethe-Gymnasium Berlin-Wilmersdorf","description":"Fach Musik - allgemeine Information","robots":{"index":"index","follow":"follow","max-snippet":"max-snippet:-1","max-image-preview":"max-image-preview:large","max-video-preview":"max-video-preview:-1"},"canonical":"https:\/\/goethe-gymnasium.berlin\/index.php\/musische-faecher\/musik\/","og_locale":"de_DE","og_type":"article","og_title":"Musik - Goethe-Gymnasium Berlin-Wilmersdorf","og_description":"Fach Musik - allgemeine Information","og_url":"https:\/\/goethe-gymnasium.berlin\/index.php\/musische-faecher\/musik\/","og_site_name":"Goethe-Gymnasium Berlin-Wilmersdorf","article_publisher":"https:\/\/www.facebook.com\/pages\/Goethe-Gymnasium\/109376575754402","article_modified_time":"2022-08-15T20:12:13+00:00","og_image":[{"width":1936,"height":1296,"url":"https:\/\/goethe-gymnasium.berlin\/wp-content\/uploads\/2018\/08\/gerhardt2013-04.jpg","type":"image\/jpeg"}],"twitter_card":"summary_large_image","twitter_misc":{"Gesch\u00e4tzte Lesezeit":"2\u00a0Minuten"},"schema":{"@context":"https:\/\/schema.org","@graph":[{"@type":"WebPage","@id":"https:\/\/goethe-gymnasium.berlin\/index.php\/musische-faecher\/musik\/","url":"https:\/\/goethe-gymnasium.berlin\/index.php\/musische-faecher\/musik\/","name":"Musik - Goethe-Gymnasium Berlin-Wilmersdorf","isPartOf":{"@id":"https:\/\/goethe-gymnasium.berlin\/#website"},"primaryImageOfPage":{"@id":"https:\/\/goethe-gymnasium.berlin\/index.php\/musische-faecher\/musik\/#primaryimage"},"image":{"@id":"https:\/\/goethe-gymnasium.berlin\/index.php\/musische-faecher\/musik\/#primaryimage"},"thumbnailUrl":"https:\/\/goethe-gymnasium.berlin\/wp-content\/uploads\/2018\/08\/gerhardt2013-04.jpg","datePublished":"2018-04-24T19:06:40+00:00","dateModified":"2022-08-15T20:12:13+00:00","description":"Fach Musik - allgemeine Information","breadcrumb":{"@id":"https:\/\/goethe-gymnasium.berlin\/index.php\/musische-faecher\/musik\/#breadcrumb"},"inLanguage":"de","potentialAction":[{"@type":"ReadAction","target":["https:\/\/goethe-gymnasium.berlin\/index.php\/musische-faecher\/musik\/"]}]},{"@type":"ImageObject","inLanguage":"de","@id":"https:\/\/goethe-gymnasium.berlin\/index.php\/musische-faecher\/musik\/#primaryimage","url":"https:\/\/goethe-gymnasium.berlin\/wp-content\/uploads\/2018\/08\/gerhardt2013-04.jpg","contentUrl":"https:\/\/goethe-gymnasium.berlin\/wp-content\/uploads\/2018\/08\/gerhardt2013-04.jpg","width":1936,"height":1296,"caption":"Fachbereich Musik"},{"@type":"BreadcrumbList","@id":"https:\/\/goethe-gymnasium.berlin\/index.php\/musische-faecher\/musik\/#breadcrumb","itemListElement":[{"@type":"ListItem","position":1,"name":"Startseite","item":"https:\/\/goethe-gymnasium.berlin\/"},{"@type":"ListItem","position":2,"name":"Musische F\u00e4cher","item":"https:\/\/goethe-gymnasium.berlin\/index.php\/musische-faecher\/"},{"@type":"ListItem","position":3,"name":"Musik"}]},{"@type":"WebSite","@id":"https:\/\/goethe-gymnasium.berlin\/#website","url":"https:\/\/goethe-gymnasium.berlin\/","name":"Goethe-Gymnasium Berlin-Wilmersdorf","description":"","publisher":{"@id":"https:\/\/goethe-gymnasium.berlin\/#organization"},"potentialAction":[{"@type":"SearchAction","target":{"@type":"EntryPoint","urlTemplate":"https:\/\/goethe-gymnasium.berlin\/?s={search_term_string}"},"query-input":{"@type":"PropertyValueSpecification","valueRequired":true,"valueName":"search_term_string"}}],"inLanguage":"de"},{"@type":"Organization","@id":"https:\/\/goethe-gymnasium.berlin\/#organization","name":"Goethe-Gymnasium Berlin-Wilmersdorf","url":"https:\/\/goethe-gymnasium.berlin\/","logo":{"@type":"ImageObject","inLanguage":"de","@id":"https:\/\/goethe-gymnasium.berlin\/#\/schema\/logo\/image\/","url":"https:\/\/goethe-gymnasium.berlin\/wp-content\/uploads\/2018\/04\/goethe-logo_hoch.png","contentUrl":"https:\/\/goethe-gymnasium.berlin\/wp-content\/uploads\/2018\/04\/goethe-logo_hoch.png","width":755,"height":514,"caption":"Goethe-Gymnasium Berlin-Wilmersdorf"},"image":{"@id":"https:\/\/goethe-gymnasium.berlin\/#\/schema\/logo\/image\/"},"sameAs":["https:\/\/www.facebook.com\/pages\/Goethe-Gymnasium\/109376575754402","https:\/\/www.youtube.com\/channel\/UCMKuMVF9h_YkS3zmEp7SnzQ"]}]}},"_links":{"self":[{"href":"https:\/\/goethe-gymnasium.berlin\/index.php\/wp-json\/wp\/v2\/pages\/177","targetHints":{"allow":["GET"]}}],"collection":[{"href":"https:\/\/goethe-gymnasium.berlin\/index.php\/wp-json\/wp\/v2\/pages"}],"about":[{"href":"https:\/\/goethe-gymnasium.berlin\/index.php\/wp-json\/wp\/v2\/types\/page"}],"author":[{"embeddable":true,"href":"https:\/\/goethe-gymnasium.berlin\/index.php\/wp-json\/wp\/v2\/users\/1"}],"replies":[{"embeddable":true,"href":"https:\/\/goethe-gymnasium.berlin\/index.php\/wp-json\/wp\/v2\/comments?post=177"}],"version-history":[{"count":13,"href":"https:\/\/goethe-gymnasium.berlin\/index.php\/wp-json\/wp\/v2\/pages\/177\/revisions"}],"predecessor-version":[{"id":9534,"href":"https:\/\/goethe-gymnasium.berlin\/index.php\/wp-json\/wp\/v2\/pages\/177\/revisions\/9534"}],"up":[{"embeddable":true,"href":"https:\/\/goethe-gymnasium.berlin\/index.php\/wp-json\/wp\/v2\/pages\/171"}],"wp:featuredmedia":[{"embeddable":true,"href":"https:\/\/goethe-gymnasium.berlin\/index.php\/wp-json\/wp\/v2\/media\/1257"}],"wp:attachment":[{"href":"https:\/\/goethe-gymnasium.berlin\/index.php\/wp-json\/wp\/v2\/media?parent=177"}],"wp:term":[{"taxonomy":"category","embeddable":true,"href":"https:\/\/goethe-gymnasium.berlin\/index.php\/wp-json\/wp\/v2\/categories?post=177"},{"taxonomy":"post_tag","embeddable":true,"href":"https:\/\/goethe-gymnasium.berlin\/index.php\/wp-json\/wp\/v2\/tags?post=177"}],"curies":[{"name":"wp","href":"https:\/\/api.w.org\/{rel}","templated":true}]}}