{"id":1052,"date":"2018-07-05T19:40:30","date_gmt":"2018-07-05T17:40:30","guid":{"rendered":"http:\/\/goethe-gymnasium.berlin\/?page_id=1052"},"modified":"2019-03-14T20:52:30","modified_gmt":"2019-03-14T19:52:30","slug":"1052-2","status":"publish","type":"page","link":"https:\/\/goethe-gymnasium.berlin\/index.php\/biologie\/das-goethe-gymnasium-und-die-naturwissenschaftlichen-wettbewerbe\/1052-2\/","title":{"rendered":"ChemKids"},"content":{"rendered":"<div id=\"ja-content\" class=\"column\">\n<div id=\"ja-current-content\" class=\"column\">\n<div id=\"ja-content-main\" class=\"ja-content-main clearfix\">\n<div class=\"item-page clearfix\">\n<p><img loading=\"lazy\" decoding=\"async\" class=\"alignnone size-full wp-image-1054\" src=\"http:\/\/goethe-gymnasium.berlin\/wp-content\/uploads\/2018\/07\/chemkids-bild.jpg\" alt=\"\" width=\"1655\" height=\"542\" srcset=\"https:\/\/goethe-gymnasium.berlin\/wp-content\/uploads\/2018\/07\/chemkids-bild.jpg 1655w, https:\/\/goethe-gymnasium.berlin\/wp-content\/uploads\/2018\/07\/chemkids-bild-300x98.jpg 300w, https:\/\/goethe-gymnasium.berlin\/wp-content\/uploads\/2018\/07\/chemkids-bild-768x252.jpg 768w\" sizes=\"auto, (max-width: 1655px) 100vw, 1655px\" \/><\/p>\n<p><a href=\"http:\/\/www.chemkids.de\/\" target=\"_blank\" rel=\"noopener noreferrer\">ChemKids<\/a> ist ein Experimentalwettbewerb f\u00fcr die Klassenstufen 4 bis 8 in den \u00f6stlichen Bundesl\u00e4ndern. \u00c4hnliche Wettbewerbe gibt es auch in den weiteren Regionen Deutschlands.<\/p>\n<p>In einer Herbst- und einer Fr\u00fchjahrsrunde werden experimentelle, vorwiegend chemisch orientierte Aufgaben bearbeitet, die starke Bez\u00fcge zum Alltagsleben und damit zur Erfahrungswelt der Teilnehmer haben. Die Anforderungen an die Auswertung der Beobachtungen werden nach Altersgruppen differenziert.<\/p>\n<p>Unsere Schule nimmt seit dem Schuljahr 2011\/12 an diesem Wettbewerb teil.<\/p>\n<p>Bisher waren wir mit <strong>Luca Choi<\/strong> (jetzt in der 9. Klasse) vertreten. Luca hat regelm\u00e4\u00dfig mit sehr guten Arbeiten teilgenommen. <strong>In der Fr\u00fchjahrsrunde 2012 wurde sein Beitrag mit dem Pr\u00e4dikat &#8222;Sehr erfolgreich teilgenommen&#8220; bewertet.<\/strong> Damit geh\u00f6rte er in diesem Jahr in der Fr\u00fchjahrsrunde zu den vier erfolgreichsten TeilnehmerInnen aus den Berliner Schulen. Als <strong>Auszeichnung<\/strong> erhielt Luca die Gelegenheit, im Oktober 2012 an einem dreit\u00e4gigen Praktikum im<strong> Sch\u00fclerlabor &#8222;Chemie zum Anfassen&#8220; <\/strong>an der Fachhochschule in Merseburg teilzunehmen.<\/p>\n<p>Lucas pr\u00e4mierte Arbeit \u00fcber &#8222;Das Geheimnis der Glibberkugel&#8220;aus der Fr\u00fchjahrsrunde 2011\/12 kann <a href=\"http:\/\/goethe-gymnasium.berlin\/wp-content\/uploads\/2018\/07\/chemkids2011-12_luca-choi-1.pdf\" target=\"_blank\" rel=\"noopener noreferrer\">hier<\/a> als Beispiel f\u00fcr k\u00fcnftige Teilnehmer\/innen eingesehen werden.<\/p>\n<p>In diesem Jahr k\u00f6nnen wir mit einer deutlich h\u00f6heren Beteiligung unserer Sch\u00fclerInnen rechnen.<\/p>\n<p>Im Schuljahr 2012\/13 stieg die Beteiligung unserer Sch\u00fclerinnen und Sch\u00fcler deutlich an. An der Herbstrunde nahmen 17 und an der Fr\u00fchjahrsrunde 7 M\u00e4dchen und Jungen aus den Klassenstufen 5 bis 8 teil.<\/p>\n<p><strong>Die Beitr\u00e4ge von Gero H\u00fcbner (jetzt in der 8. Klasse) wurde beide mit dem Pr\u00e4dikat &#8222;Sehr erfolgreich teilgenommen&#8220; bewertet. In der Fr\u00fchjahrsrunde erreichte auch Celeste Wolf (jetzt in der 6. Klasse) dieses bestm\u00f6gliche Ergebnis.<\/strong> Gero erh\u00e4lt, wie Luca im Jahr zuvor, die Gelegenheit zur Teilnahme an einem dreit\u00e4gigen Praktikum im Sch\u00fclerlabor &#8222;Chemie zum Anfassen&#8220; an der Fachhochschule in Merseburg.<\/p>\n<p>Wir freuen uns \u00fcber diese gute Entwicklung!<\/p>\n<p style=\"text-align: right;\"><em>Text: Herr Henke (Schuljahr 2013\/14)<\/em><\/p>\n<\/div>\n<\/div>\n<\/div>\n<div id=\"banner\"><\/div>\n<\/div>\n","protected":false},"excerpt":{"rendered":"<p>ChemKids ist ein Experimentalwettbewerb f\u00fcr die Klassenstufen 4 bis 8 in den \u00f6stlichen Bundesl\u00e4ndern. \u00c4hnliche Wettbewerbe gibt es auch in <a class=\"more-link\" href=\"https:\/\/goethe-gymnasium.berlin\/index.php\/biologie\/das-goethe-gymnasium-und-die-naturwissenschaftlichen-wettbewerbe\/1052-2\/\">Weiterlesen &#8230;<\/a><\/p>\n","protected":false},"author":5,"featured_media":0,"parent":1022,"menu_order":0,"comment_status":"closed","ping_status":"closed","template":"","meta":{"footnotes":""},"categories":[],"tags":[],"class_list":["post-1052","page","type-page","status-publish","hentry"],"yoast_head":"<!-- This site is optimized with the Yoast SEO plugin v27.4 - https:\/\/yoast.com\/product\/yoast-seo-wordpress\/ -->\n<title>ChemKids - Goethe-Gymnasium Berlin-Wilmersdorf<\/title>\n<meta name=\"robots\" content=\"index, follow, max-snippet:-1, max-image-preview:large, max-video-preview:-1\" \/>\n<link rel=\"canonical\" href=\"https:\/\/goethe-gymnasium.berlin\/index.php\/biologie\/das-goethe-gymnasium-und-die-naturwissenschaftlichen-wettbewerbe\/1052-2\/\" \/>\n<meta property=\"og:locale\" content=\"de_DE\" \/>\n<meta property=\"og:type\" content=\"article\" \/>\n<meta property=\"og:title\" content=\"ChemKids - Goethe-Gymnasium Berlin-Wilmersdorf\" \/>\n<meta property=\"og:description\" content=\"ChemKids ist ein Experimentalwettbewerb f\u00fcr die Klassenstufen 4 bis 8 in den \u00f6stlichen Bundesl\u00e4ndern. \u00c4hnliche Wettbewerbe gibt es auch in Weiterlesen ...\" \/>\n<meta property=\"og:url\" content=\"https:\/\/goethe-gymnasium.berlin\/index.php\/biologie\/das-goethe-gymnasium-und-die-naturwissenschaftlichen-wettbewerbe\/1052-2\/\" \/>\n<meta property=\"og:site_name\" content=\"Goethe-Gymnasium Berlin-Wilmersdorf\" \/>\n<meta property=\"article:publisher\" content=\"https:\/\/www.facebook.com\/pages\/Goethe-Gymnasium\/109376575754402\" \/>\n<meta property=\"article:modified_time\" content=\"2019-03-14T19:52:30+00:00\" \/>\n<meta property=\"og:image\" content=\"http:\/\/goethe-gymnasium.berlin\/wp-content\/uploads\/2018\/07\/chemkids-bild.jpg\" \/>\n<meta name=\"twitter:card\" content=\"summary_large_image\" \/>\n<meta name=\"twitter:label1\" content=\"Gesch\u00e4tzte Lesezeit\" \/>\n\t<meta name=\"twitter:data1\" content=\"2\u00a0Minuten\" \/>\n<script type=\"application\/ld+json\" class=\"yoast-schema-graph\">{\"@context\":\"https:\\\/\\\/schema.org\",\"@graph\":[{\"@type\":\"WebPage\",\"@id\":\"https:\\\/\\\/goethe-gymnasium.berlin\\\/index.php\\\/biologie\\\/das-goethe-gymnasium-und-die-naturwissenschaftlichen-wettbewerbe\\\/1052-2\\\/\",\"url\":\"https:\\\/\\\/goethe-gymnasium.berlin\\\/index.php\\\/biologie\\\/das-goethe-gymnasium-und-die-naturwissenschaftlichen-wettbewerbe\\\/1052-2\\\/\",\"name\":\"ChemKids - Goethe-Gymnasium Berlin-Wilmersdorf\",\"isPartOf\":{\"@id\":\"https:\\\/\\\/goethe-gymnasium.berlin\\\/#website\"},\"primaryImageOfPage\":{\"@id\":\"https:\\\/\\\/goethe-gymnasium.berlin\\\/index.php\\\/biologie\\\/das-goethe-gymnasium-und-die-naturwissenschaftlichen-wettbewerbe\\\/1052-2\\\/#primaryimage\"},\"image\":{\"@id\":\"https:\\\/\\\/goethe-gymnasium.berlin\\\/index.php\\\/biologie\\\/das-goethe-gymnasium-und-die-naturwissenschaftlichen-wettbewerbe\\\/1052-2\\\/#primaryimage\"},\"thumbnailUrl\":\"http:\\\/\\\/goethe-gymnasium.berlin\\\/wp-content\\\/uploads\\\/2018\\\/07\\\/chemkids-bild.jpg\",\"datePublished\":\"2018-07-05T17:40:30+00:00\",\"dateModified\":\"2019-03-14T19:52:30+00:00\",\"breadcrumb\":{\"@id\":\"https:\\\/\\\/goethe-gymnasium.berlin\\\/index.php\\\/biologie\\\/das-goethe-gymnasium-und-die-naturwissenschaftlichen-wettbewerbe\\\/1052-2\\\/#breadcrumb\"},\"inLanguage\":\"de\",\"potentialAction\":[{\"@type\":\"ReadAction\",\"target\":[\"https:\\\/\\\/goethe-gymnasium.berlin\\\/index.php\\\/biologie\\\/das-goethe-gymnasium-und-die-naturwissenschaftlichen-wettbewerbe\\\/1052-2\\\/\"]}]},{\"@type\":\"ImageObject\",\"inLanguage\":\"de\",\"@id\":\"https:\\\/\\\/goethe-gymnasium.berlin\\\/index.php\\\/biologie\\\/das-goethe-gymnasium-und-die-naturwissenschaftlichen-wettbewerbe\\\/1052-2\\\/#primaryimage\",\"url\":\"http:\\\/\\\/goethe-gymnasium.berlin\\\/wp-content\\\/uploads\\\/2018\\\/07\\\/chemkids-bild.jpg\",\"contentUrl\":\"http:\\\/\\\/goethe-gymnasium.berlin\\\/wp-content\\\/uploads\\\/2018\\\/07\\\/chemkids-bild.jpg\"},{\"@type\":\"BreadcrumbList\",\"@id\":\"https:\\\/\\\/goethe-gymnasium.berlin\\\/index.php\\\/biologie\\\/das-goethe-gymnasium-und-die-naturwissenschaftlichen-wettbewerbe\\\/1052-2\\\/#breadcrumb\",\"itemListElement\":[{\"@type\":\"ListItem\",\"position\":1,\"name\":\"Startseite\",\"item\":\"https:\\\/\\\/goethe-gymnasium.berlin\\\/\"},{\"@type\":\"ListItem\",\"position\":2,\"name\":\"Biologie\",\"item\":\"https:\\\/\\\/goethe-gymnasium.berlin\\\/index.php\\\/biologie\\\/\"},{\"@type\":\"ListItem\",\"position\":3,\"name\":\"Das Goethe-Gymnasium und die naturwissenschaftlichen Wettbewerbe\",\"item\":\"https:\\\/\\\/goethe-gymnasium.berlin\\\/index.php\\\/biologie\\\/das-goethe-gymnasium-und-die-naturwissenschaftlichen-wettbewerbe\\\/\"},{\"@type\":\"ListItem\",\"position\":4,\"name\":\"ChemKids\"}]},{\"@type\":\"WebSite\",\"@id\":\"https:\\\/\\\/goethe-gymnasium.berlin\\\/#website\",\"url\":\"https:\\\/\\\/goethe-gymnasium.berlin\\\/\",\"name\":\"Goethe-Gymnasium Berlin-Wilmersdorf\",\"description\":\"\",\"publisher\":{\"@id\":\"https:\\\/\\\/goethe-gymnasium.berlin\\\/#organization\"},\"potentialAction\":[{\"@type\":\"SearchAction\",\"target\":{\"@type\":\"EntryPoint\",\"urlTemplate\":\"https:\\\/\\\/goethe-gymnasium.berlin\\\/?s={search_term_string}\"},\"query-input\":{\"@type\":\"PropertyValueSpecification\",\"valueRequired\":true,\"valueName\":\"search_term_string\"}}],\"inLanguage\":\"de\"},{\"@type\":\"Organization\",\"@id\":\"https:\\\/\\\/goethe-gymnasium.berlin\\\/#organization\",\"name\":\"Goethe-Gymnasium Berlin-Wilmersdorf\",\"url\":\"https:\\\/\\\/goethe-gymnasium.berlin\\\/\",\"logo\":{\"@type\":\"ImageObject\",\"inLanguage\":\"de\",\"@id\":\"https:\\\/\\\/goethe-gymnasium.berlin\\\/#\\\/schema\\\/logo\\\/image\\\/\",\"url\":\"https:\\\/\\\/goethe-gymnasium.berlin\\\/wp-content\\\/uploads\\\/2018\\\/04\\\/goethe-logo_hoch.png\",\"contentUrl\":\"https:\\\/\\\/goethe-gymnasium.berlin\\\/wp-content\\\/uploads\\\/2018\\\/04\\\/goethe-logo_hoch.png\",\"width\":755,\"height\":514,\"caption\":\"Goethe-Gymnasium Berlin-Wilmersdorf\"},\"image\":{\"@id\":\"https:\\\/\\\/goethe-gymnasium.berlin\\\/#\\\/schema\\\/logo\\\/image\\\/\"},\"sameAs\":[\"https:\\\/\\\/www.facebook.com\\\/pages\\\/Goethe-Gymnasium\\\/109376575754402\",\"https:\\\/\\\/www.youtube.com\\\/channel\\\/UCMKuMVF9h_YkS3zmEp7SnzQ\"]}]}<\/script>\n<!-- \/ Yoast SEO plugin. -->","yoast_head_json":{"title":"ChemKids - Goethe-Gymnasium Berlin-Wilmersdorf","robots":{"index":"index","follow":"follow","max-snippet":"max-snippet:-1","max-image-preview":"max-image-preview:large","max-video-preview":"max-video-preview:-1"},"canonical":"https:\/\/goethe-gymnasium.berlin\/index.php\/biologie\/das-goethe-gymnasium-und-die-naturwissenschaftlichen-wettbewerbe\/1052-2\/","og_locale":"de_DE","og_type":"article","og_title":"ChemKids - Goethe-Gymnasium Berlin-Wilmersdorf","og_description":"ChemKids ist ein Experimentalwettbewerb f\u00fcr die Klassenstufen 4 bis 8 in den \u00f6stlichen Bundesl\u00e4ndern. \u00c4hnliche Wettbewerbe gibt es auch in Weiterlesen ...","og_url":"https:\/\/goethe-gymnasium.berlin\/index.php\/biologie\/das-goethe-gymnasium-und-die-naturwissenschaftlichen-wettbewerbe\/1052-2\/","og_site_name":"Goethe-Gymnasium Berlin-Wilmersdorf","article_publisher":"https:\/\/www.facebook.com\/pages\/Goethe-Gymnasium\/109376575754402","article_modified_time":"2019-03-14T19:52:30+00:00","og_image":[{"url":"http:\/\/goethe-gymnasium.berlin\/wp-content\/uploads\/2018\/07\/chemkids-bild.jpg","type":"","width":"","height":""}],"twitter_card":"summary_large_image","twitter_misc":{"Gesch\u00e4tzte Lesezeit":"2\u00a0Minuten"},"schema":{"@context":"https:\/\/schema.org","@graph":[{"@type":"WebPage","@id":"https:\/\/goethe-gymnasium.berlin\/index.php\/biologie\/das-goethe-gymnasium-und-die-naturwissenschaftlichen-wettbewerbe\/1052-2\/","url":"https:\/\/goethe-gymnasium.berlin\/index.php\/biologie\/das-goethe-gymnasium-und-die-naturwissenschaftlichen-wettbewerbe\/1052-2\/","name":"ChemKids - Goethe-Gymnasium Berlin-Wilmersdorf","isPartOf":{"@id":"https:\/\/goethe-gymnasium.berlin\/#website"},"primaryImageOfPage":{"@id":"https:\/\/goethe-gymnasium.berlin\/index.php\/biologie\/das-goethe-gymnasium-und-die-naturwissenschaftlichen-wettbewerbe\/1052-2\/#primaryimage"},"image":{"@id":"https:\/\/goethe-gymnasium.berlin\/index.php\/biologie\/das-goethe-gymnasium-und-die-naturwissenschaftlichen-wettbewerbe\/1052-2\/#primaryimage"},"thumbnailUrl":"http:\/\/goethe-gymnasium.berlin\/wp-content\/uploads\/2018\/07\/chemkids-bild.jpg","datePublished":"2018-07-05T17:40:30+00:00","dateModified":"2019-03-14T19:52:30+00:00","breadcrumb":{"@id":"https:\/\/goethe-gymnasium.berlin\/index.php\/biologie\/das-goethe-gymnasium-und-die-naturwissenschaftlichen-wettbewerbe\/1052-2\/#breadcrumb"},"inLanguage":"de","potentialAction":[{"@type":"ReadAction","target":["https:\/\/goethe-gymnasium.berlin\/index.php\/biologie\/das-goethe-gymnasium-und-die-naturwissenschaftlichen-wettbewerbe\/1052-2\/"]}]},{"@type":"ImageObject","inLanguage":"de","@id":"https:\/\/goethe-gymnasium.berlin\/index.php\/biologie\/das-goethe-gymnasium-und-die-naturwissenschaftlichen-wettbewerbe\/1052-2\/#primaryimage","url":"http:\/\/goethe-gymnasium.berlin\/wp-content\/uploads\/2018\/07\/chemkids-bild.jpg","contentUrl":"http:\/\/goethe-gymnasium.berlin\/wp-content\/uploads\/2018\/07\/chemkids-bild.jpg"},{"@type":"BreadcrumbList","@id":"https:\/\/goethe-gymnasium.berlin\/index.php\/biologie\/das-goethe-gymnasium-und-die-naturwissenschaftlichen-wettbewerbe\/1052-2\/#breadcrumb","itemListElement":[{"@type":"ListItem","position":1,"name":"Startseite","item":"https:\/\/goethe-gymnasium.berlin\/"},{"@type":"ListItem","position":2,"name":"Biologie","item":"https:\/\/goethe-gymnasium.berlin\/index.php\/biologie\/"},{"@type":"ListItem","position":3,"name":"Das Goethe-Gymnasium und die naturwissenschaftlichen Wettbewerbe","item":"https:\/\/goethe-gymnasium.berlin\/index.php\/biologie\/das-goethe-gymnasium-und-die-naturwissenschaftlichen-wettbewerbe\/"},{"@type":"ListItem","position":4,"name":"ChemKids"}]},{"@type":"WebSite","@id":"https:\/\/goethe-gymnasium.berlin\/#website","url":"https:\/\/goethe-gymnasium.berlin\/","name":"Goethe-Gymnasium Berlin-Wilmersdorf","description":"","publisher":{"@id":"https:\/\/goethe-gymnasium.berlin\/#organization"},"potentialAction":[{"@type":"SearchAction","target":{"@type":"EntryPoint","urlTemplate":"https:\/\/goethe-gymnasium.berlin\/?s={search_term_string}"},"query-input":{"@type":"PropertyValueSpecification","valueRequired":true,"valueName":"search_term_string"}}],"inLanguage":"de"},{"@type":"Organization","@id":"https:\/\/goethe-gymnasium.berlin\/#organization","name":"Goethe-Gymnasium Berlin-Wilmersdorf","url":"https:\/\/goethe-gymnasium.berlin\/","logo":{"@type":"ImageObject","inLanguage":"de","@id":"https:\/\/goethe-gymnasium.berlin\/#\/schema\/logo\/image\/","url":"https:\/\/goethe-gymnasium.berlin\/wp-content\/uploads\/2018\/04\/goethe-logo_hoch.png","contentUrl":"https:\/\/goethe-gymnasium.berlin\/wp-content\/uploads\/2018\/04\/goethe-logo_hoch.png","width":755,"height":514,"caption":"Goethe-Gymnasium Berlin-Wilmersdorf"},"image":{"@id":"https:\/\/goethe-gymnasium.berlin\/#\/schema\/logo\/image\/"},"sameAs":["https:\/\/www.facebook.com\/pages\/Goethe-Gymnasium\/109376575754402","https:\/\/www.youtube.com\/channel\/UCMKuMVF9h_YkS3zmEp7SnzQ"]}]}},"_links":{"self":[{"href":"https:\/\/goethe-gymnasium.berlin\/index.php\/wp-json\/wp\/v2\/pages\/1052","targetHints":{"allow":["GET"]}}],"collection":[{"href":"https:\/\/goethe-gymnasium.berlin\/index.php\/wp-json\/wp\/v2\/pages"}],"about":[{"href":"https:\/\/goethe-gymnasium.berlin\/index.php\/wp-json\/wp\/v2\/types\/page"}],"author":[{"embeddable":true,"href":"https:\/\/goethe-gymnasium.berlin\/index.php\/wp-json\/wp\/v2\/users\/5"}],"replies":[{"embeddable":true,"href":"https:\/\/goethe-gymnasium.berlin\/index.php\/wp-json\/wp\/v2\/comments?post=1052"}],"version-history":[{"count":4,"href":"https:\/\/goethe-gymnasium.berlin\/index.php\/wp-json\/wp\/v2\/pages\/1052\/revisions"}],"predecessor-version":[{"id":3213,"href":"https:\/\/goethe-gymnasium.berlin\/index.php\/wp-json\/wp\/v2\/pages\/1052\/revisions\/3213"}],"up":[{"embeddable":true,"href":"https:\/\/goethe-gymnasium.berlin\/index.php\/wp-json\/wp\/v2\/pages\/1022"}],"wp:attachment":[{"href":"https:\/\/goethe-gymnasium.berlin\/index.php\/wp-json\/wp\/v2\/media?parent=1052"}],"wp:term":[{"taxonomy":"category","embeddable":true,"href":"https:\/\/goethe-gymnasium.berlin\/index.php\/wp-json\/wp\/v2\/categories?post=1052"},{"taxonomy":"post_tag","embeddable":true,"href":"https:\/\/goethe-gymnasium.berlin\/index.php\/wp-json\/wp\/v2\/tags?post=1052"}],"curies":[{"name":"wp","href":"https:\/\/api.w.org\/{rel}","templated":true}]}}